{"id":2702,"date":"2022-03-03T07:57:17","date_gmt":"2022-03-03T07:57:17","guid":{"rendered":"http:\/\/ufegeneve.com\/?page_id=2702"},"modified":"2022-03-03T07:57:18","modified_gmt":"2022-03-03T07:57:18","slug":"lectures","status":"publish","type":"page","link":"http:\/\/ufegeneve.com\/index.php\/lectures\/","title":{"rendered":"Lectures"},"content":{"rendered":"<div class=\"pdfprnt-buttons pdfprnt-buttons-page pdfprnt-top-right\"><a href=\"http:\/\/ufegeneve.com\/index.php\/wp-json\/wp\/v2\/pages\/2702?print=pdf\" class=\"pdfprnt-button pdfprnt-button-pdf\" target=\"_blank\"><img decoding=\"async\" src=\"http:\/\/ufegeneve.com\/wp-content\/plugins\/pdf-print\/images\/pdf.png\" alt=\"image_pdf\" title=\"Afficher le PDF\" \/><\/a><a href=\"http:\/\/ufegeneve.com\/index.php\/wp-json\/wp\/v2\/pages\/2702?print=print\" class=\"pdfprnt-button pdfprnt-button-print\" target=\"_blank\"><img decoding=\"async\" src=\"http:\/\/ufegeneve.com\/wp-content\/plugins\/pdf-print\/images\/print.png\" alt=\"image_print\" title=\"Contenu imprim\u00e9\" \/><\/a><\/div>\n<p>Des membres de l&rsquo;UFE Gen\u00e8ve nous font partager leurs \u0153uvres artistiques, litt\u00e9raires, musicales et divers t\u00e9moignages de vie.<\/p>\n<p>Cet espace leur est r\u00e9serv\u00e9.<\/p>\n<ul>\n<li><strong>\u00ab\u00a0Dis Maman, raconte-moi mon histoire\u00a0\u00bb de Natalie Riesen<\/strong><\/li>\n<\/ul>\n<p><a href=\"http:\/\/ufegeneve.com\/wp-content\/uploads\/2022\/03\/dismaman-1.jpg\"><img loading=\"lazy\" decoding=\"async\" class=\"aligncenter  wp-image-2706\" src=\"http:\/\/ufegeneve.com\/wp-content\/uploads\/2022\/03\/dismaman-1.jpg\" alt=\"\" width=\"486\" height=\"478\" srcset=\"http:\/\/ufegeneve.com\/wp-content\/uploads\/2022\/03\/dismaman-1.jpg 590w, http:\/\/ufegeneve.com\/wp-content\/uploads\/2022\/03\/dismaman-1-300x295.jpg 300w\" sizes=\"auto, (max-width: 486px) 100vw, 486px\" \/><\/a><\/p>\n<p><a href=\"http:\/\/ufegeneve.com\/wp-content\/uploads\/2022\/03\/dismaman-2.jpg\"><img loading=\"lazy\" decoding=\"async\" class=\"aligncenter  wp-image-2705\" src=\"http:\/\/ufegeneve.com\/wp-content\/uploads\/2022\/03\/dismaman-2.jpg\" alt=\"\" width=\"442\" height=\"532\" srcset=\"http:\/\/ufegeneve.com\/wp-content\/uploads\/2022\/03\/dismaman-2.jpg 535w, http:\/\/ufegeneve.com\/wp-content\/uploads\/2022\/03\/dismaman-2-250x300.jpg 250w\" sizes=\"auto, (max-width: 442px) 100vw, 442px\" \/><\/a><\/p>\n<ul>\n<li><strong>\u00ab\u00a0Nathan\u00a0\u00bb de Nad\u00e8ge Reveillon inspir\u00e9 du t\u00e9moignage de Nathalie Riesen<\/strong><\/li>\n<\/ul>\n<p><a href=\"http:\/\/ufegeneve.com\/wp-content\/uploads\/2022\/03\/nathan-1.jpg\"><img loading=\"lazy\" decoding=\"async\" class=\"aligncenter  wp-image-2707\" src=\"http:\/\/ufegeneve.com\/wp-content\/uploads\/2022\/03\/nathan-1.jpg\" alt=\"\" width=\"464\" height=\"484\" srcset=\"http:\/\/ufegeneve.com\/wp-content\/uploads\/2022\/03\/nathan-1.jpg 534w, http:\/\/ufegeneve.com\/wp-content\/uploads\/2022\/03\/nathan-1-288x300.jpg 288w\" sizes=\"auto, (max-width: 464px) 100vw, 464px\" \/><\/a><\/p>\n<p><a href=\"http:\/\/ufegeneve.com\/wp-content\/uploads\/2022\/03\/nathan-2.jpg\"><img loading=\"lazy\" decoding=\"async\" class=\"aligncenter  wp-image-2704\" src=\"http:\/\/ufegeneve.com\/wp-content\/uploads\/2022\/03\/nathan-2.jpg\" alt=\"\" width=\"432\" height=\"302\" srcset=\"http:\/\/ufegeneve.com\/wp-content\/uploads\/2022\/03\/nathan-2.jpg 522w, http:\/\/ufegeneve.com\/wp-content\/uploads\/2022\/03\/nathan-2-300x210.jpg 300w\" sizes=\"auto, (max-width: 432px) 100vw, 432px\" \/><\/a><\/p>\n<ul>\n<li><strong>\u00ab\u00a0Quand la Chine vacillera\u00a0\u00bb de Dominique Jolly<\/strong><\/li>\n<\/ul>\n<p><a href=\"http:\/\/ufegeneve.com\/wp-content\/uploads\/2018\/10\/thumbnail_Attachment-1.jpg\"><img loading=\"lazy\" decoding=\"async\" class=\"aligncenter  wp-image-904\" src=\"http:\/\/ufegeneve.com\/wp-content\/uploads\/2018\/10\/thumbnail_Attachment-1.jpg\" alt=\"\" width=\"366\" height=\"536\" srcset=\"http:\/\/ufegeneve.com\/wp-content\/uploads\/2018\/10\/thumbnail_Attachment-1.jpg 873w, http:\/\/ufegeneve.com\/wp-content\/uploads\/2018\/10\/thumbnail_Attachment-1-205x300.jpg 205w, http:\/\/ufegeneve.com\/wp-content\/uploads\/2018\/10\/thumbnail_Attachment-1-768x1126.jpg 768w, http:\/\/ufegeneve.com\/wp-content\/uploads\/2018\/10\/thumbnail_Attachment-1-698x1024.jpg 698w, http:\/\/ufegeneve.com\/wp-content\/uploads\/2018\/10\/thumbnail_Attachment-1-600x880.jpg 600w\" sizes=\"auto, (max-width: 366px) 100vw, 366px\" \/><\/a>R\u00e9sum\u00e9:<\/p>\n<p>Qui aurait imagin\u00e9 qu&rsquo;en 40 ans la Chine deviendrait la seconde puissance \u00e9conomique mondiale ? Cette r\u00e9ussite est ind\u00e9niable, mais de quoi seront faites les vingt prochaines ann\u00e9es ? A l\u2019\u00e9vidence, confront\u00e9 \u00e0 plusieurs limites, le syst\u00e8me chinois va devoir se transformer. Sur le plan \u00e9conomique, la d\u00e9mographie contrari\u00e9e et l\u2019inflation bousculent le mod\u00e8le alors m\u00eame que la d\u00e9pendance aux exportations est patente. Les Chinois sauront-ils transformer leur \u00e9conomie de production de masse en \u00e9conomie de l\u2019innovation ? Sur le plan social la fracture est b\u00e9ante : les \u00e9carts monstrueux entre la pr\u00e9carit\u00e9 de millions de pauvres et la richesse ind\u00e9cemment \u00e9tal\u00e9e par ceux qui ont r\u00e9ussi cr\u00e9ent des tensions de plus en plus vives. Sur le plan environnemental, la pollution dans les grandes villes atteint des niveaux apocalyptiques, signe le plus visible de la catastrophe \u00e9cologique que conna\u00eet le pays. Sur le plan politique, alors que les affaires m\u00ealant pouvoir, ambition personnelle et argent se multiplient, le r\u00e9gime du parti unique va-t-il pouvoir se maintenir ? A l\u2019international, les Chinois peuvent-ils continuer \u00e0 se montrer de plus en plus interventionnistes sans menacer l\u2019\u00e9quilibre g\u00e9opolitique de la zone Asie et du reste du monde ?<\/p>\n<\/p>\n<ul>\n<li><strong>\u00ab\u00a0Le pilote qui en savait trop\u00a0\u00bb de Matthieu Durand (dessin) et Hubert Cunin (sc\u00e9nario)<\/strong><\/li>\n<\/ul>\n<p><a href=\"http:\/\/ufegeneve.com\/wp-content\/uploads\/2022\/03\/tanguylaverdure-1-1.jpg\"><img loading=\"lazy\" decoding=\"async\" class=\"aligncenter size-full wp-image-2714\" src=\"http:\/\/ufegeneve.com\/wp-content\/uploads\/2022\/03\/tanguylaverdure-1-1.jpg\" alt=\"\" width=\"828\" height=\"1119\" srcset=\"http:\/\/ufegeneve.com\/wp-content\/uploads\/2022\/03\/tanguylaverdure-1-1.jpg 828w, http:\/\/ufegeneve.com\/wp-content\/uploads\/2022\/03\/tanguylaverdure-1-1-222x300.jpg 222w, http:\/\/ufegeneve.com\/wp-content\/uploads\/2022\/03\/tanguylaverdure-1-1-758x1024.jpg 758w, http:\/\/ufegeneve.com\/wp-content\/uploads\/2022\/03\/tanguylaverdure-1-1-768x1038.jpg 768w, http:\/\/ufegeneve.com\/wp-content\/uploads\/2022\/03\/tanguylaverdure-1-1-600x811.jpg 600w\" sizes=\"auto, (max-width: 828px) 100vw, 828px\" \/><\/a><a href=\"http:\/\/ufegeneve.com\/wp-content\/uploads\/2022\/03\/tanguylaverdure-2-1.jpg\"><img loading=\"lazy\" decoding=\"async\" class=\"aligncenter  wp-image-2719\" src=\"http:\/\/ufegeneve.com\/wp-content\/uploads\/2022\/03\/tanguylaverdure-2-1.jpg\" alt=\"\" width=\"526\" height=\"648\" srcset=\"http:\/\/ufegeneve.com\/wp-content\/uploads\/2022\/03\/tanguylaverdure-2-1.jpg 844w, http:\/\/ufegeneve.com\/wp-content\/uploads\/2022\/03\/tanguylaverdure-2-1-244x300.jpg 244w, http:\/\/ufegeneve.com\/wp-content\/uploads\/2022\/03\/tanguylaverdure-2-1-833x1024.jpg 833w, http:\/\/ufegeneve.com\/wp-content\/uploads\/2022\/03\/tanguylaverdure-2-1-768x945.jpg 768w, http:\/\/ufegeneve.com\/wp-content\/uploads\/2022\/03\/tanguylaverdure-2-1-600x738.jpg 600w\" sizes=\"auto, (max-width: 526px) 100vw, 526px\" \/><\/a><a href=\"http:\/\/ufegeneve.com\/wp-content\/uploads\/2022\/03\/tanguylaverdure-3-1.jpg\"><img loading=\"lazy\" decoding=\"async\" class=\"aligncenter  wp-image-2718\" src=\"http:\/\/ufegeneve.com\/wp-content\/uploads\/2022\/03\/tanguylaverdure-3-1.jpg\" alt=\"\" width=\"547\" height=\"802\" srcset=\"http:\/\/ufegeneve.com\/wp-content\/uploads\/2022\/03\/tanguylaverdure-3-1.jpg 818w, http:\/\/ufegeneve.com\/wp-content\/uploads\/2022\/03\/tanguylaverdure-3-1-205x300.jpg 205w, http:\/\/ufegeneve.com\/wp-content\/uploads\/2022\/03\/tanguylaverdure-3-1-699x1024.jpg 699w, http:\/\/ufegeneve.com\/wp-content\/uploads\/2022\/03\/tanguylaverdure-3-1-768x1125.jpg 768w, http:\/\/ufegeneve.com\/wp-content\/uploads\/2022\/03\/tanguylaverdure-3-1-600x879.jpg 600w\" sizes=\"auto, (max-width: 547px) 100vw, 547px\" \/><\/a><a href=\"http:\/\/ufegeneve.com\/wp-content\/uploads\/2022\/03\/tanguylaverdure-4-1.jpg\"><img loading=\"lazy\" decoding=\"async\" class=\"aligncenter  wp-image-2717\" src=\"http:\/\/ufegeneve.com\/wp-content\/uploads\/2022\/03\/tanguylaverdure-4-1.jpg\" alt=\"\" width=\"528\" height=\"621\" srcset=\"http:\/\/ufegeneve.com\/wp-content\/uploads\/2022\/03\/tanguylaverdure-4-1.jpg 819w, http:\/\/ufegeneve.com\/wp-content\/uploads\/2022\/03\/tanguylaverdure-4-1-255x300.jpg 255w, http:\/\/ufegeneve.com\/wp-content\/uploads\/2022\/03\/tanguylaverdure-4-1-768x903.jpg 768w, http:\/\/ufegeneve.com\/wp-content\/uploads\/2022\/03\/tanguylaverdure-4-1-600x705.jpg 600w\" sizes=\"auto, (max-width: 528px) 100vw, 528px\" \/><\/a><\/p><\/p>\n","protected":false},"excerpt":{"rendered":"<p>Des membres de l&rsquo;UFE Gen\u00e8ve nous font partager leurs \u0153uvres artistiques, litt\u00e9raires, musicales et divers t\u00e9moignages de vie. Cet espace leur est r\u00e9serv\u00e9. \u00ab\u00a0Dis Maman, raconte-moi mon histoire\u00a0\u00bb de Natalie Riesen \u00ab\u00a0Nathan\u00a0\u00bb de Nad\u00e8ge Reveillon inspir\u00e9 du t\u00e9moignage de Nathalie Riesen \u00ab\u00a0Quand la Chine vacillera\u00a0\u00bb de Dominique Jolly R\u00e9sum\u00e9: Qui aurait imagin\u00e9 qu&rsquo;en 40 ans [&hellip;]<\/p>\n","protected":false},"author":1,"featured_media":0,"parent":0,"menu_order":0,"comment_status":"closed","ping_status":"closed","template":"","meta":{"_price":"","_stock":"","_tribe_ticket_header":"","_tribe_default_ticket_provider":"","_tribe_ticket_capacity":"0","_ticket_start_date":"","_ticket_end_date":"","_tribe_ticket_show_description":"","_tribe_ticket_show_not_going":false,"_tribe_ticket_use_global_stock":"","_tribe_ticket_global_stock_level":"","_global_stock_mode":"","_global_stock_cap":"","_tribe_rsvp_for_event":"","_tribe_ticket_going_count":"","_tribe_ticket_not_going_count":"","_tribe_tickets_list":"[]","_tribe_ticket_has_attendee_info_fields":false,"_themeisle_gutenberg_block_has_review":false,"footnotes":"","_tec_slr_enabled":"","_tec_slr_layout":""},"folder":[],"class_list":["post-2702","page","type-page","status-publish","hentry"],"ticketed":false,"_links":{"self":[{"href":"http:\/\/ufegeneve.com\/index.php\/wp-json\/wp\/v2\/pages\/2702","targetHints":{"allow":["GET"]}}],"collection":[{"href":"http:\/\/ufegeneve.com\/index.php\/wp-json\/wp\/v2\/pages"}],"about":[{"href":"http:\/\/ufegeneve.com\/index.php\/wp-json\/wp\/v2\/types\/page"}],"author":[{"embeddable":true,"href":"http:\/\/ufegeneve.com\/index.php\/wp-json\/wp\/v2\/users\/1"}],"replies":[{"embeddable":true,"href":"http:\/\/ufegeneve.com\/index.php\/wp-json\/wp\/v2\/comments?post=2702"}],"version-history":[{"count":10,"href":"http:\/\/ufegeneve.com\/index.php\/wp-json\/wp\/v2\/pages\/2702\/revisions"}],"predecessor-version":[{"id":2724,"href":"http:\/\/ufegeneve.com\/index.php\/wp-json\/wp\/v2\/pages\/2702\/revisions\/2724"}],"wp:attachment":[{"href":"http:\/\/ufegeneve.com\/index.php\/wp-json\/wp\/v2\/media?parent=2702"}],"wp:term":[{"taxonomy":"folder","embeddable":true,"href":"http:\/\/ufegeneve.com\/index.php\/wp-json\/wp\/v2\/folder?post=2702"}],"curies":[{"name":"wp","href":"https:\/\/api.w.org\/{rel}","templated":true}]}}

<div class="pdfprnt-buttons pdfprnt-buttons-page pdfprnt-top-right"><a href="http://ufegeneve.com/index.php/wp-json/wp/v2/pages/2702?print=pdf" class="pdfprnt-button pdfprnt-button-pdf" target="_blank"><img decoding="async" src="http://ufegeneve.com/wp-content/plugins/pdf-print/images/pdf.png" alt="image_pdf" title="Afficher le PDF" /></a><a href="http://ufegeneve.com/index.php/wp-json/wp/v2/pages/2702?print=print" class="pdfprnt-button pdfprnt-button-print" target="_blank"><img decoding="async" src="http://ufegeneve.com/wp-content/plugins/pdf-print/images/print.png" alt="image_print" title="Contenu imprimé" /></a></div>
<p>Des membres de l&rsquo;UFE Genève nous font partager leurs œuvres artistiques, littéraires, musicales et divers témoignages de vie.</p>
<p>Cet espace leur est réservé.</p>
<ul>
<li><strong>« Dis Maman, raconte-moi mon histoire » de Natalie Riesen</strong></li>
</ul>
<p><a href="http://ufegeneve.com/wp-content/uploads/2022/03/dismaman-1.jpg"><img loading="lazy" decoding="async" class="aligncenter  wp-image-2706" src="http://ufegeneve.com/wp-content/uploads/2022/03/dismaman-1.jpg" alt="" width="486" height="478" srcset="http://ufegeneve.com/wp-content/uploads/2022/03/dismaman-1.jpg 590w, http://ufegeneve.com/wp-content/uploads/2022/03/dismaman-1-300x295.jpg 300w" sizes="auto, (max-width: 486px) 100vw, 486px" /></a></p>
<p><a href="http://ufegeneve.com/wp-content/uploads/2022/03/dismaman-2.jpg"><img loading="lazy" decoding="async" class="aligncenter  wp-image-2705" src="http://ufegeneve.com/wp-content/uploads/2022/03/dismaman-2.jpg" alt="" width="442" height="532" srcset="http://ufegeneve.com/wp-content/uploads/2022/03/dismaman-2.jpg 535w, http://ufegeneve.com/wp-content/uploads/2022/03/dismaman-2-250x300.jpg 250w" sizes="auto, (max-width: 442px) 100vw, 442px" /></a></p>
<ul>
<li><strong>« Nathan » de Nadège Reveillon inspiré du témoignage de Nathalie Riesen</strong></li>
</ul>
<p><a href="http://ufegeneve.com/wp-content/uploads/2022/03/nathan-1.jpg"><img loading="lazy" decoding="async" class="aligncenter  wp-image-2707" src="http://ufegeneve.com/wp-content/uploads/2022/03/nathan-1.jpg" alt="" width="464" height="484" srcset="http://ufegeneve.com/wp-content/uploads/2022/03/nathan-1.jpg 534w, http://ufegeneve.com/wp-content/uploads/2022/03/nathan-1-288x300.jpg 288w" sizes="auto, (max-width: 464px) 100vw, 464px" /></a></p>
<p><a href="http://ufegeneve.com/wp-content/uploads/2022/03/nathan-2.jpg"><img loading="lazy" decoding="async" class="aligncenter  wp-image-2704" src="http://ufegeneve.com/wp-content/uploads/2022/03/nathan-2.jpg" alt="" width="432" height="302" srcset="http://ufegeneve.com/wp-content/uploads/2022/03/nathan-2.jpg 522w, http://ufegeneve.com/wp-content/uploads/2022/03/nathan-2-300x210.jpg 300w" sizes="auto, (max-width: 432px) 100vw, 432px" /></a></p>
<ul>
<li><strong>« Quand la Chine vacillera » de Dominique Jolly</strong></li>
</ul>
<p><a href="http://ufegeneve.com/wp-content/uploads/2018/10/thumbnail_Attachment-1.jpg"><img loading="lazy" decoding="async" class="aligncenter  wp-image-904" src="http://ufegeneve.com/wp-content/uploads/2018/10/thumbnail_Attachment-1.jpg" alt="" width="366" height="536" srcset="http://ufegeneve.com/wp-content/uploads/2018/10/thumbnail_Attachment-1.jpg 873w, http://ufegeneve.com/wp-content/uploads/2018/10/thumbnail_Attachment-1-205x300.jpg 205w, http://ufegeneve.com/wp-content/uploads/2018/10/thumbnail_Attachment-1-768x1126.jpg 768w, http://ufegeneve.com/wp-content/uploads/2018/10/thumbnail_Attachment-1-698x1024.jpg 698w, http://ufegeneve.com/wp-content/uploads/2018/10/thumbnail_Attachment-1-600x880.jpg 600w" sizes="auto, (max-width: 366px) 100vw, 366px" /></a>Résumé:</p>
<p>Qui aurait imaginé qu&rsquo;en 40 ans la Chine deviendrait la seconde puissance économique mondiale ? Cette réussite est indéniable, mais de quoi seront faites les vingt prochaines années ? A l’évidence, confronté à plusieurs limites, le système chinois va devoir se transformer. Sur le plan économique, la démographie contrariée et l’inflation bousculent le modèle alors même que la dépendance aux exportations est patente. Les Chinois sauront-ils transformer leur économie de production de masse en économie de l’innovation ? Sur le plan social la fracture est béante : les écarts monstrueux entre la précarité de millions de pauvres et la richesse indécemment étalée par ceux qui ont réussi créent des tensions de plus en plus vives. Sur le plan environnemental, la pollution dans les grandes villes atteint des niveaux apocalyptiques, signe le plus visible de la catastrophe écologique que connaît le pays. Sur le plan politique, alors que les affaires mêlant pouvoir, ambition personnelle et argent se multiplient, le régime du parti unique va-t-il pouvoir se maintenir ? A l’international, les Chinois peuvent-ils continuer à se montrer de plus en plus interventionnistes sans menacer l’équilibre géopolitique de la zone Asie et du reste du monde ?</p>
</p>
<ul>
<li><strong>« Le pilote qui en savait trop » de Matthieu Durand (dessin) et Hubert Cunin (scénario)</strong></li>
</ul>
<p><a href="http://ufegeneve.com/wp-content/uploads/2022/03/tanguylaverdure-1-1.jpg"><img loading="lazy" decoding="async" class="aligncenter size-full wp-image-2714" src="http://ufegeneve.com/wp-content/uploads/2022/03/tanguylaverdure-1-1.jpg" alt="" width="828" height="1119" srcset="http://ufegeneve.com/wp-content/uploads/2022/03/tanguylaverdure-1-1.jpg 828w, http://ufegeneve.com/wp-content/uploads/2022/03/tanguylaverdure-1-1-222x300.jpg 222w, http://ufegeneve.com/wp-content/uploads/2022/03/tanguylaverdure-1-1-758x1024.jpg 758w, http://ufegeneve.com/wp-content/uploads/2022/03/tanguylaverdure-1-1-768x1038.jpg 768w, http://ufegeneve.com/wp-content/uploads/2022/03/tanguylaverdure-1-1-600x811.jpg 600w" sizes="auto, (max-width: 828px) 100vw, 828px" /></a><a href="http://ufegeneve.com/wp-content/uploads/2022/03/tanguylaverdure-2-1.jpg"><img loading="lazy" decoding="async" class="aligncenter  wp-image-2719" src="http://ufegeneve.com/wp-content/uploads/2022/03/tanguylaverdure-2-1.jpg" alt="" width="526" height="648" srcset="http://ufegeneve.com/wp-content/uploads/2022/03/tanguylaverdure-2-1.jpg 844w, http://ufegeneve.com/wp-content/uploads/2022/03/tanguylaverdure-2-1-244x300.jpg 244w, http://ufegeneve.com/wp-content/uploads/2022/03/tanguylaverdure-2-1-833x1024.jpg 833w, http://ufegeneve.com/wp-content/uploads/2022/03/tanguylaverdure-2-1-768x945.jpg 768w, http://ufegeneve.com/wp-content/uploads/2022/03/tanguylaverdure-2-1-600x738.jpg 600w" sizes="auto, (max-width: 526px) 100vw, 526px" /></a><a href="http://ufegeneve.com/wp-content/uploads/2022/03/tanguylaverdure-3-1.jpg"><img loading="lazy" decoding="async" class="aligncenter  wp-image-2718" src="http://ufegeneve.com/wp-content/uploads/2022/03/tanguylaverdure-3-1.jpg" alt="" width="547" height="802" srcset="http://ufegeneve.com/wp-content/uploads/2022/03/tanguylaverdure-3-1.jpg 818w, http://ufegeneve.com/wp-content/uploads/2022/03/tanguylaverdure-3-1-205x300.jpg 205w, http://ufegeneve.com/wp-content/uploads/2022/03/tanguylaverdure-3-1-699x1024.jpg 699w, http://ufegeneve.com/wp-content/uploads/2022/03/tanguylaverdure-3-1-768x1125.jpg 768w, http://ufegeneve.com/wp-content/uploads/2022/03/tanguylaverdure-3-1-600x879.jpg 600w" sizes="auto, (max-width: 547px) 100vw, 547px" /></a><a href="http://ufegeneve.com/wp-content/uploads/2022/03/tanguylaverdure-4-1.jpg"><img loading="lazy" decoding="async" class="aligncenter  wp-image-2717" src="http://ufegeneve.com/wp-content/uploads/2022/03/tanguylaverdure-4-1.jpg" alt="" width="528" height="621" srcset="http://ufegeneve.com/wp-content/uploads/2022/03/tanguylaverdure-4-1.jpg 819w, http://ufegeneve.com/wp-content/uploads/2022/03/tanguylaverdure-4-1-255x300.jpg 255w, http://ufegeneve.com/wp-content/uploads/2022/03/tanguylaverdure-4-1-768x903.jpg 768w, http://ufegeneve.com/wp-content/uploads/2022/03/tanguylaverdure-4-1-600x705.jpg 600w" sizes="auto, (max-width: 528px) 100vw, 528px" /></a></p></p>

<p>Des membres de l&rsquo;UFE Genève nous font partager leurs œuvres artistiques, littéraires, musicales et divers témoignages de vie. Cet espace leur est réservé. « Dis Maman, raconte-moi mon histoire » de Natalie Riesen « Nathan » de Nadège Reveillon inspiré du témoignage de Nathalie Riesen « Quand la Chine vacillera » de Dominique Jolly Résumé: Qui aurait imaginé qu&rsquo;en 40 ans [&hellip;]</p>
