{"id":3235,"date":"2023-09-08T07:46:16","date_gmt":"2023-09-08T07:46:16","guid":{"rendered":"http:\/\/ufegeneve.com\/?page_id=3235"},"modified":"2023-09-27T09:17:37","modified_gmt":"2023-09-27T09:17:37","slug":"soiree-en-lhonneur-de-monsieur-clement-leclerc-nouveau-consul-general-de-france-a-geneve-27-septembre-2023","status":"publish","type":"page","link":"http:\/\/ufegeneve.com\/index.php\/soiree-en-lhonneur-de-monsieur-clement-leclerc-nouveau-consul-general-de-france-a-geneve-27-septembre-2023\/","title":{"rendered":"Soir\u00e9e en l\u2019honneur de Monsieur Cl\u00e9ment Leclerc, Consul g\u00e9n\u00e9ral de France \u00e0 Gen\u00e8ve &#8211; 27 septembre 2023"},"content":{"rendered":"<div class=\"pdfprnt-buttons pdfprnt-buttons-page pdfprnt-top-right\"><a href=\"http:\/\/ufegeneve.com\/index.php\/wp-json\/wp\/v2\/pages\/3235?print=pdf\" class=\"pdfprnt-button pdfprnt-button-pdf\" target=\"_blank\"><img decoding=\"async\" src=\"http:\/\/ufegeneve.com\/wp-content\/plugins\/pdf-print\/images\/pdf.png\" alt=\"image_pdf\" title=\"Afficher le PDF\" \/><\/a><a href=\"http:\/\/ufegeneve.com\/index.php\/wp-json\/wp\/v2\/pages\/3235?print=print\" class=\"pdfprnt-button pdfprnt-button-print\" target=\"_blank\"><img decoding=\"async\" src=\"http:\/\/ufegeneve.com\/wp-content\/plugins\/pdf-print\/images\/print.png\" alt=\"image_print\" title=\"Contenu imprim\u00e9\" \/><\/a><\/div>\n<p style=\"text-align: center;\"><strong><span style=\"font-family: arial, helvetica, sans-serif;\">INSCRIPTION<\/span><\/strong><\/p>\n<p>Ch\u00e8re Madame, cher Monsieur,<\/p>\n<p>La soir\u00e9e affiche complet. Nous regrettons devoir d\u00e9cliner toute nouvelle inscription.<\/p>\n<p>Meilleures salutations.<\/p>\n<p>Le comit\u00e9 de l&rsquo;UFE Gen\u00e8ve<\/p>\n","protected":false},"excerpt":{"rendered":"<p>INSCRIPTION Ch\u00e8re Madame, cher Monsieur, La soir\u00e9e affiche complet. Nous regrettons devoir d\u00e9cliner toute nouvelle inscription. Meilleures salutations. Le comit\u00e9 de l&rsquo;UFE Gen\u00e8ve<\/p>\n","protected":false},"author":1,"featured_media":0,"parent":0,"menu_order":0,"comment_status":"closed","ping_status":"closed","template":"","meta":{"_price":"","_stock":"","_tribe_ticket_header":"","_tribe_default_ticket_provider":"","_tribe_ticket_capacity":"0","_ticket_start_date":"","_ticket_end_date":"","_tribe_ticket_show_description":"","_tribe_ticket_show_not_going":false,"_tribe_ticket_use_global_stock":"","_tribe_ticket_global_stock_level":"","_global_stock_mode":"","_global_stock_cap":"","_tribe_rsvp_for_event":"","_tribe_ticket_going_count":"","_tribe_ticket_not_going_count":"","_tribe_tickets_list":"[]","_tribe_ticket_has_attendee_info_fields":false,"_themeisle_gutenberg_block_has_review":false,"footnotes":"","_tec_slr_enabled":"","_tec_slr_layout":""},"folder":[],"class_list":["post-3235","page","type-page","status-publish","hentry"],"ticketed":false,"_links":{"self":[{"href":"http:\/\/ufegeneve.com\/index.php\/wp-json\/wp\/v2\/pages\/3235","targetHints":{"allow":["GET"]}}],"collection":[{"href":"http:\/\/ufegeneve.com\/index.php\/wp-json\/wp\/v2\/pages"}],"about":[{"href":"http:\/\/ufegeneve.com\/index.php\/wp-json\/wp\/v2\/types\/page"}],"author":[{"embeddable":true,"href":"http:\/\/ufegeneve.com\/index.php\/wp-json\/wp\/v2\/users\/1"}],"replies":[{"embeddable":true,"href":"http:\/\/ufegeneve.com\/index.php\/wp-json\/wp\/v2\/comments?post=3235"}],"version-history":[{"count":3,"href":"http:\/\/ufegeneve.com\/index.php\/wp-json\/wp\/v2\/pages\/3235\/revisions"}],"predecessor-version":[{"id":3246,"href":"http:\/\/ufegeneve.com\/index.php\/wp-json\/wp\/v2\/pages\/3235\/revisions\/3246"}],"wp:attachment":[{"href":"http:\/\/ufegeneve.com\/index.php\/wp-json\/wp\/v2\/media?parent=3235"}],"wp:term":[{"taxonomy":"folder","embeddable":true,"href":"http:\/\/ufegeneve.com\/index.php\/wp-json\/wp\/v2\/folder?post=3235"}],"curies":[{"name":"wp","href":"https:\/\/api.w.org\/{rel}","templated":true}]}}

Soirée en l’honneur de Monsieur Clément Leclerc, Consul général de France à Genève &#8211; 27 septembre 2023

<div class="pdfprnt-buttons pdfprnt-buttons-page pdfprnt-top-right"><a href="http://ufegeneve.com/index.php/wp-json/wp/v2/pages/3235?print=pdf" class="pdfprnt-button pdfprnt-button-pdf" target="_blank"><img decoding="async" src="http://ufegeneve.com/wp-content/plugins/pdf-print/images/pdf.png" alt="image_pdf" title="Afficher le PDF" /></a><a href="http://ufegeneve.com/index.php/wp-json/wp/v2/pages/3235?print=print" class="pdfprnt-button pdfprnt-button-print" target="_blank"><img decoding="async" src="http://ufegeneve.com/wp-content/plugins/pdf-print/images/print.png" alt="image_print" title="Contenu imprimé" /></a></div>
<p style="text-align: center;"><strong><span style="font-family: arial, helvetica, sans-serif;">INSCRIPTION</span></strong></p>
<p>Chère Madame, cher Monsieur,</p>
<p>La soirée affiche complet. Nous regrettons devoir décliner toute nouvelle inscription.</p>
<p>Meilleures salutations.</p>
<p>Le comité de l&rsquo;UFE Genève</p>

<p>INSCRIPTION Chère Madame, cher Monsieur, La soirée affiche complet. Nous regrettons devoir décliner toute nouvelle inscription. Meilleures salutations. Le comité de l&rsquo;UFE Genève</p>
