{"id":61,"date":"2016-01-18T18:37:37","date_gmt":"2016-01-18T18:37:37","guid":{"rendered":"http:\/\/ufegeneve.com\/?page_id=61"},"modified":"2019-04-23T13:41:57","modified_gmt":"2019-04-23T13:41:57","slug":"ufe-monde","status":"publish","type":"page","link":"http:\/\/ufegeneve.com\/index.php\/ufe-monde\/","title":{"rendered":"UFE Monde"},"content":{"rendered":"<div class=\"pdfprnt-buttons pdfprnt-buttons-page pdfprnt-top-right\"><a href=\"http:\/\/ufegeneve.com\/index.php\/wp-json\/wp\/v2\/pages\/61?print=pdf\" class=\"pdfprnt-button pdfprnt-button-pdf\" target=\"_blank\"><img decoding=\"async\" src=\"http:\/\/ufegeneve.com\/wp-content\/plugins\/pdf-print\/images\/pdf.png\" alt=\"image_pdf\" title=\"Afficher le PDF\" \/><\/a><a href=\"http:\/\/ufegeneve.com\/index.php\/wp-json\/wp\/v2\/pages\/61?print=print\" class=\"pdfprnt-button pdfprnt-button-print\" target=\"_blank\"><img decoding=\"async\" src=\"http:\/\/ufegeneve.com\/wp-content\/plugins\/pdf-print\/images\/print.png\" alt=\"image_print\" title=\"Contenu imprim\u00e9\" \/><\/a><\/div>\n<blockquote><p><span style=\"color: #000000; font-family: arial,helvetica,sans-serif; font-size: 12pt;\">Cr\u00e9\u00e9e en 1927 par Gabriel Wernl\u00e9, L\u2019UFE est une Association reconnue d\u2019utilit\u00e9 publique, ce qui lui conf\u00e8re une l\u00e9gitimit\u00e9\u00a0et une dimension particuli\u00e8res. <\/span><\/p>\n<p>&nbsp;<\/p>\n<p><span style=\"color: #000000; font-family: arial,helvetica,sans-serif; font-size: 12pt;\">Sa mission est ainsi stipul\u00e9e\u00a0dans l\u2019article 1 de ses statuts\u00a0: <i>\u00ab\u00a0L&rsquo;Union des Fran\u00e7ais de l&rsquo;Etranger (UFE), association fond\u00e9e en 1927, a pour but de cr\u00e9er et de maintenir un contact \u00e9troit entre les Fran\u00e7ais de l&rsquo;\u00e9tranger et la France et de d\u00e9fendre les int\u00e9r\u00eats moraux et mat\u00e9riels des Fran\u00e7ais r\u00e9sidant ou ayant r\u00e9sid\u00e9 hors de France, sans exclusive li\u00e9e \u00e0 l\u2019appartenance ou aux convictions.\u00a0\u00bb<\/i><\/span><\/p>\n<p>&nbsp;<\/p>\n<p><span style=\"color: #000000; font-family: arial,helvetica,sans-serif; font-size: 12pt;\">L\u2019UFE est pr\u00e9sente dans <b>100 pays avec 163 Repr\u00e9sentations.<\/b> N&rsquo;h\u00e9sitez pas \u00e0\u00a0visiter le site de l&rsquo;UFE monde <a href=\"https:\/\/www.ufe.org\/\"><i>www.ufe.org<\/i><\/a> et \u00e0 d\u00e9couvrir l&rsquo;\u00e9tendue de son action \u00e9conomique et sociale \u00e0\u00a0travers le monde.<\/span><\/p>\n<p>&nbsp;<\/p>\n<table style=\"height: 98px;\" width=\"701\">\n<tbody>\n<tr style=\"height: 98px;\">\n<td style=\"height: 98px; width: 270px; text-align: center; vertical-align: top;\">\n<p style=\"text-align: center;\" align=\"center\"><span style=\"color: #000000; font-family: arial,helvetica,sans-serif; font-size: 12pt;\">Si\u00e8ge<\/span><\/p>\n<p style=\"text-align: center;\" align=\"center\"><span style=\"color: #000000; font-family: arial,helvetica,sans-serif; font-size: 12pt;\">\u00a0<\/span><\/p>\n<p style=\"text-align: left;\" align=\"center\"><span style=\"color: #000000; font-family: arial,helvetica,sans-serif; font-size: 12pt;\">UFE &#8211; Union des Fran\u00e7ais de l&rsquo;Etranger\u00a0\u00a0<\/span><\/p>\n<p style=\"text-align: left;\" align=\"center\"><span style=\"color: #000000; font-family: arial,helvetica,sans-serif; font-size: 12pt;\">25, rue de Ponthieu<\/span><\/p>\n<p style=\"text-align: left;\" align=\"center\"><span style=\"color: #000000; font-family: arial,helvetica,sans-serif; font-size: 12pt;\">75008 Paris<\/span><\/p>\n<p style=\"text-align: left;\" align=\"center\"><span style=\"color: #000000; font-family: arial,helvetica,sans-serif; font-size: 12pt;\">\u00a0France<\/span><\/p>\n<p><span style=\"color: #000000; font-family: arial,helvetica,sans-serif; font-size: 12pt;\">\u00a0<\/span><\/td>\n<td style=\"text-align: center; height: 98px; width: 193px; vertical-align: top;\"><span style=\"color: #000000; font-family: arial,helvetica,sans-serif; font-size: 12pt;\">Fondateur de l&rsquo;UFE en 1927 :<\/span><\/p>\n<p><span style=\"color: #000000; font-family: arial,helvetica,sans-serif; font-size: 12pt;\"><img loading=\"lazy\" decoding=\"async\" class=\"size-full wp-image-187 aligncenter\" src=\"http:\/\/ufegeneve.com\/wp-content\/uploads\/2016\/01\/gabriel_wernl.jpg\" alt=\"gabriel_wernl\" width=\"69\" height=\"100\" \/><\/span><\/p>\n<p align=\"center\"><span style=\"color: #000000; font-family: arial,helvetica,sans-serif; font-size: 12pt;\">Gabriel Wernl\u00e9<\/span><\/p>\n<p align=\"center\"><span style=\"color: #000000; font-family: arial,helvetica,sans-serif; font-size: 12pt;\">Journaliste<\/span><\/p>\n<\/td>\n<td style=\"height: 98px; width: 216px; text-align: center; vertical-align: top;\">\n<p style=\"text-align: center;\"><span style=\"color: #000000; font-family: arial,helvetica,sans-serif; font-size: 12pt;\">Pr\u00e9sident \u00e9lu en 2018 :<\/span><\/p>\n<p style=\"text-align: center;\"><span style=\"color: #000000; font-family: arial,helvetica,sans-serif; font-size: 12pt;\"><img loading=\"lazy\" decoding=\"async\" class=\"size-full wp-image-1386 aligncenter\" src=\"http:\/\/ufegeneve.com\/wp-content\/uploads\/2019\/04\/fbd_petit.png\" alt=\"\" width=\"100\" height=\"100\" \/><\/span><\/p>\n<p style=\"text-align: center;\" align=\"center\"><span style=\"font-family: arial, helvetica, sans-serif; color: #000000;\">Fran\u00e7ois Barry Delongchamps<\/span><\/p>\n<p style=\"text-align: center;\" align=\"center\"><span style=\"font-family: arial, helvetica, sans-serif; color: #000000;\">Avocat<br \/>\n<\/span><span style=\"font-family: arial, helvetica, sans-serif; color: #000000;\">Ancien Ambassadeur de France<\/span><\/p>\n<\/td>\n<\/tr>\n<\/tbody>\n<\/table>\n<\/blockquote>\n","protected":false},"excerpt":{"rendered":"<p>Cr\u00e9\u00e9e en 1927 par Gabriel Wernl\u00e9, L\u2019UFE est une Association reconnue d\u2019utilit\u00e9 publique, ce qui lui conf\u00e8re une l\u00e9gitimit\u00e9\u00a0et une dimension particuli\u00e8res. &nbsp; Sa mission est ainsi stipul\u00e9e\u00a0dans l\u2019article 1 de ses statuts\u00a0: \u00ab\u00a0L&rsquo;Union des Fran\u00e7ais de l&rsquo;Etranger (UFE), association fond\u00e9e en 1927, a pour but de cr\u00e9er et de maintenir un contact \u00e9troit entre [&hellip;]<\/p>\n","protected":false},"author":1,"featured_media":0,"parent":0,"menu_order":0,"comment_status":"closed","ping_status":"closed","template":"","meta":{"_price":"","_stock":"","_tribe_ticket_header":"","_tribe_default_ticket_provider":"","_tribe_ticket_capacity":"0","_ticket_start_date":"","_ticket_end_date":"","_tribe_ticket_show_description":"","_tribe_ticket_show_not_going":false,"_tribe_ticket_use_global_stock":"","_tribe_ticket_global_stock_level":"","_global_stock_mode":"","_global_stock_cap":"","_tribe_rsvp_for_event":"","_tribe_ticket_going_count":"","_tribe_ticket_not_going_count":"","_tribe_tickets_list":"[]","_tribe_ticket_has_attendee_info_fields":false,"_themeisle_gutenberg_block_has_review":false,"footnotes":"","_tec_slr_enabled":"","_tec_slr_layout":""},"folder":[],"class_list":["post-61","page","type-page","status-publish","hentry"],"ticketed":false,"_links":{"self":[{"href":"http:\/\/ufegeneve.com\/index.php\/wp-json\/wp\/v2\/pages\/61","targetHints":{"allow":["GET"]}}],"collection":[{"href":"http:\/\/ufegeneve.com\/index.php\/wp-json\/wp\/v2\/pages"}],"about":[{"href":"http:\/\/ufegeneve.com\/index.php\/wp-json\/wp\/v2\/types\/page"}],"author":[{"embeddable":true,"href":"http:\/\/ufegeneve.com\/index.php\/wp-json\/wp\/v2\/users\/1"}],"replies":[{"embeddable":true,"href":"http:\/\/ufegeneve.com\/index.php\/wp-json\/wp\/v2\/comments?post=61"}],"version-history":[{"count":19,"href":"http:\/\/ufegeneve.com\/index.php\/wp-json\/wp\/v2\/pages\/61\/revisions"}],"predecessor-version":[{"id":228,"href":"http:\/\/ufegeneve.com\/index.php\/wp-json\/wp\/v2\/pages\/61\/revisions\/228"}],"wp:attachment":[{"href":"http:\/\/ufegeneve.com\/index.php\/wp-json\/wp\/v2\/media?parent=61"}],"wp:term":[{"taxonomy":"folder","embeddable":true,"href":"http:\/\/ufegeneve.com\/index.php\/wp-json\/wp\/v2\/folder?post=61"}],"curies":[{"name":"wp","href":"https:\/\/api.w.org\/{rel}","templated":true}]}}