{"id":3048,"date":"2023-06-26T08:15:52","date_gmt":"2023-06-26T08:15:52","guid":{"rendered":"http:\/\/ufegeneve.com\/?post_type=tribe_events&#038;p=3048"},"modified":"2023-06-26T08:15:52","modified_gmt":"2023-06-26T08:15:52","slug":"soiree-dau-revoir-a-monsieur-patrick-lachaussee-5-juillet-2023","status":"publish","type":"tribe_events","link":"http:\/\/ufegeneve.com\/index.php\/event\/soiree-dau-revoir-a-monsieur-patrick-lachaussee-5-juillet-2023\/","title":{"rendered":"Soir\u00e9e d&rsquo;au revoir \u00e0 Monsieur Patrick Lachauss\u00e9e &#8211; 5 juillet 2023"},"content":{"rendered":"<p><span style=\"font-family: arial; color: #000000;\">L&rsquo;Union des Fran\u00e7ais de l\u2019\u00c9tranger de Gen\u00e8ve, avec le soutien de la Soci\u00e9t\u00e9 Genevoise des \u00c9crivains, a le plaisir de vous convier \u00e0 la soir\u00e9e d&rsquo;au revoir \u00e0 <strong>Monsieur Patrick LACHAUSS\u00c9E,<\/strong> Consul g\u00e9n\u00e9ral de France \u00e0 Gen\u00e8ve, qui aura lieu<\/span><\/p>\n<p style=\"text-align: center;\"><span style=\"font-family: arial; color: #000000;\"><strong>Le mercredi 5 juillet 2023 \u00e0 18h30<\/strong><\/span><\/p>\n<p style=\"text-align: center;\"><span style=\"font-family: arial; color: #000000;\"><strong>au Cercle de la Terrasse<\/strong><\/span><\/p>\n<p style=\"text-align: center;\"><span style=\"font-family: arial; color: #000000;\"><strong>4, rue Jean-Gabriel Eynard<\/strong><\/span><\/p>\n<p style=\"text-align: center;\"><span style=\"font-family: arial; color: #000000;\"><strong>1205 Gen\u00e8ve<\/strong><\/span><\/p>\n<p style=\"text-align: center;\"><span style=\"font-family: arial; color: #000000;\">Monsieur Patrick Lachauss\u00e9e nous fera l&rsquo;honneur de nous pr\u00e9senter son dernier roman:<br \/>\n\u00abBourama, l\u2019Arbre et le Sage\u00bb<br \/>\nau cours d\u2019une discussion avec Monsieur Ren\u00e9 Rieder, Co-pr\u00e9sident de la SGE.<\/span><\/p>\n<p><span style=\"font-family: arial; color: #000000;\"><strong>D\u00e9roulement de la soir\u00e9e :<\/strong><\/span><\/p>\n<p><span style=\"font-family: arial; color: #000000;\">18h30\u00a0 : Accueil \u00a0<\/span><br \/>\n<span style=\"font-family: arial; color: #000000;\">19h00 \u2013 19h45: Pr\u00e9sentation de \u00ab\u00a0Bourama, l\u2019Arbre et le Sage\u00a0\u00bb <\/span><br \/>\n<span style=\"font-family: arial; color: #000000;\">20h00 : Cocktail d\u00eenatoir<\/span><\/p>\n","protected":false},"excerpt":{"rendered":"<p>L&rsquo;Union des Fran\u00e7ais de l\u2019\u00c9tranger de Gen\u00e8ve, avec le soutien de la Soci\u00e9t\u00e9 Genevoise des \u00c9crivains, a le plaisir de vous convier \u00e0 la soir\u00e9e d&rsquo;au revoir \u00e0 Monsieur Patrick LACHAUSS\u00c9E, Consul g\u00e9n\u00e9ral de France \u00e0 Gen\u00e8ve, qui aura lieu Le mercredi 5 juillet 2023 \u00e0 18h30 au Cercle de la Terrasse 4, rue Jean-Gabriel [&hellip;]<\/p>\n","protected":false},"author":1,"featured_media":0,"template":"","meta":{"_price":"","_stock":"","_tribe_ticket_header":"","_tribe_default_ticket_provider":"","_tribe_ticket_capacity":"0","_ticket_start_date":"","_ticket_end_date":"","_tribe_ticket_show_description":"","_tribe_ticket_show_not_going":false,"_tribe_ticket_use_global_stock":"","_tribe_ticket_global_stock_level":"","_global_stock_mode":"","_global_stock_cap":"","_tribe_rsvp_for_event":"","_tribe_ticket_going_count":"","_tribe_ticket_not_going_count":"","_tribe_tickets_list":"[]","_tribe_ticket_has_attendee_info_fields":false,"_themeisle_gutenberg_block_has_review":false,"_tribe_events_status":"","_tribe_events_status_reason":"","footnotes":"","_tec_slr_enabled":"","_tec_slr_layout":""},"tags":[],"tribe_events_cat":[],"class_list":["post-3048","tribe_events","type-tribe_events","status-publish","hentry"],"ticketed":false,"_links":{"self":[{"href":"http:\/\/ufegeneve.com\/index.php\/wp-json\/wp\/v2\/tribe_events\/3048","targetHints":{"allow":["GET"]}}],"collection":[{"href":"http:\/\/ufegeneve.com\/index.php\/wp-json\/wp\/v2\/tribe_events"}],"about":[{"href":"http:\/\/ufegeneve.com\/index.php\/wp-json\/wp\/v2\/types\/tribe_events"}],"author":[{"embeddable":true,"href":"http:\/\/ufegeneve.com\/index.php\/wp-json\/wp\/v2\/users\/1"}],"version-history":[{"count":1,"href":"http:\/\/ufegeneve.com\/index.php\/wp-json\/wp\/v2\/tribe_events\/3048\/revisions"}],"predecessor-version":[{"id":3049,"href":"http:\/\/ufegeneve.com\/index.php\/wp-json\/wp\/v2\/tribe_events\/3048\/revisions\/3049"}],"wp:attachment":[{"href":"http:\/\/ufegeneve.com\/index.php\/wp-json\/wp\/v2\/media?parent=3048"}],"wp:term":[{"taxonomy":"post_tag","embeddable":true,"href":"http:\/\/ufegeneve.com\/index.php\/wp-json\/wp\/v2\/tags?post=3048"},{"taxonomy":"tribe_events_cat","embeddable":true,"href":"http:\/\/ufegeneve.com\/index.php\/wp-json\/wp\/v2\/tribe_events_cat?post=3048"}],"curies":[{"name":"wp","href":"https:\/\/api.w.org\/{rel}","templated":true}]}}

Soirée d&rsquo;au revoir à Monsieur Patrick Lachaussée &#8211; 5 juillet 2023

<p><span style="font-family: arial; color: #000000;">L&rsquo;Union des Français de l’Étranger de Genève, avec le soutien de la Société Genevoise des Écrivains, a le plaisir de vous convier à la soirée d&rsquo;au revoir à <strong>Monsieur Patrick LACHAUSSÉE,</strong> Consul général de France à Genève, qui aura lieu</span></p>
<p style="text-align: center;"><span style="font-family: arial; color: #000000;"><strong>Le mercredi 5 juillet 2023 à 18h30</strong></span></p>
<p style="text-align: center;"><span style="font-family: arial; color: #000000;"><strong>au Cercle de la Terrasse</strong></span></p>
<p style="text-align: center;"><span style="font-family: arial; color: #000000;"><strong>4, rue Jean-Gabriel Eynard</strong></span></p>
<p style="text-align: center;"><span style="font-family: arial; color: #000000;"><strong>1205 Genève</strong></span></p>
<p style="text-align: center;"><span style="font-family: arial; color: #000000;">Monsieur Patrick Lachaussée nous fera l&rsquo;honneur de nous présenter son dernier roman:<br />
«Bourama, l’Arbre et le Sage»<br />
au cours d’une discussion avec Monsieur René Rieder, Co-président de la SGE.</span></p>
<p><span style="font-family: arial; color: #000000;"><strong>Déroulement de la soirée :</strong></span></p>
<p><span style="font-family: arial; color: #000000;">18h30  : Accueil  </span><br />
<span style="font-family: arial; color: #000000;">19h00 – 19h45: Présentation de « Bourama, l’Arbre et le Sage » </span><br />
<span style="font-family: arial; color: #000000;">20h00 : Cocktail dînatoir</span></p>

<p>L&rsquo;Union des Français de l’Étranger de Genève, avec le soutien de la Société Genevoise des Écrivains, a le plaisir de vous convier à la soirée d&rsquo;au revoir à Monsieur Patrick LACHAUSSÉE, Consul général de France à Genève, qui aura lieu Le mercredi 5 juillet 2023 à 18h30 au Cercle de la Terrasse 4, rue Jean-Gabriel [&hellip;]</p>
