{"id":3416,"date":"2024-05-29T05:52:29","date_gmt":"2024-05-29T05:52:29","guid":{"rendered":"http:\/\/ufegeneve.com\/?post_type=tribe_events&#038;p=3416"},"modified":"2024-05-29T05:52:29","modified_gmt":"2024-05-29T05:52:29","slug":"3eme-edition-du-festival-du-lac-festival-du-livre-a-collonge","status":"publish","type":"tribe_events","link":"http:\/\/ufegeneve.com\/index.php\/event\/3eme-edition-du-festival-du-lac-festival-du-livre-a-collonge\/","title":{"rendered":"3\u00e8me \u00e9dition du FESTIVAL du L\u00c0C (Festival du Livre \u00e0 Collonge)"},"content":{"rendered":"<div class=\"\">\n<p>Chers membres. chers amis,<\/p>\n<p>Nous avons le plaisir de vous informer que la 3\u00e8me \u00e9dition du FESTIVAL du L\u00c0C (Festival du Livre \u00e0 Collonge) se d\u00e9roulera tout le week-end du 8 au 9 juin\u00a0sous la Pr\u00e9sidence de Pierre Assouline, membre de l\u2019Acad\u00e9mie Goncourt, en pr\u00e9sence de Metin Arditi invit\u00e9 d\u2019honneur.<\/p>\n<p>Vous pourrez y rencontrer plus de 100 auteurs de renom, participer \u00e0 des conf\u00e9rences, des lectures, des d\u00e9dicaces, des animations, des d\u00e9gustations culinaires\u00a0et y d\u00e9couvrir le nouvel espace Jeunesse o\u00f9 vous pourrez amuser vos enfants gr\u00e2ce aux lectures et ateliers cr\u00e9atifs et ludiques.<\/p>\n<p>Un moment convivial aux portes de Gen\u00e8ve\u2026.L\u2019\u00e9quipe vous y attend face au lac et au Jura!<br \/>\n<strong class=\"\">L\u2019entr\u00e9e au Festival du L\u00c0C est gratuite.<\/strong><\/p>\n<p>En esp\u00e9rant vous y retrouver nombreux!<\/p>\n<p>Avec toutes nos amiti\u00e9s<\/p>\n<p>Linda Chevalier<br \/>\nAdministratrice de l\u2019UFE Monde<br \/>\nPr\u00e9sidente de l\u2019UFE Gen\u00e8ve<br \/>\nTel mobile +41 79 353 84 36<br \/>\nlindachevalier@bluewin.ch<\/p>\n<p><a href=\"http:\/\/ufegeneve.com\/wp-content\/uploads\/2024\/05\/664ba69d3d72c.jpg\"><img loading=\"lazy\" decoding=\"async\" class=\"aligncenter size-full wp-image-3418\" src=\"http:\/\/ufegeneve.com\/wp-content\/uploads\/2024\/05\/664ba69d3d72c.jpg\" alt=\"\" width=\"463\" height=\"650\" srcset=\"http:\/\/ufegeneve.com\/wp-content\/uploads\/2024\/05\/664ba69d3d72c.jpg 463w, http:\/\/ufegeneve.com\/wp-content\/uploads\/2024\/05\/664ba69d3d72c-214x300.jpg 214w\" sizes=\"auto, (max-width: 463px) 100vw, 463px\" \/><\/a><\/p>\n<p><a href=\"http:\/\/ufegeneve.com\/wp-content\/uploads\/2024\/05\/664ba6f70aca3.jpg\"><img loading=\"lazy\" decoding=\"async\" class=\"aligncenter size-full wp-image-3417\" src=\"http:\/\/ufegeneve.com\/wp-content\/uploads\/2024\/05\/664ba6f70aca3.jpg\" alt=\"\" width=\"461\" height=\"650\" srcset=\"http:\/\/ufegeneve.com\/wp-content\/uploads\/2024\/05\/664ba6f70aca3.jpg 461w, http:\/\/ufegeneve.com\/wp-content\/uploads\/2024\/05\/664ba6f70aca3-213x300.jpg 213w\" sizes=\"auto, (max-width: 461px) 100vw, 461px\" \/><\/a><\/p>\n<\/div>\n","protected":false},"excerpt":{"rendered":"<p>Chers membres. chers amis, Nous avons le plaisir de vous informer que la 3\u00e8me \u00e9dition du FESTIVAL du L\u00c0C (Festival du Livre \u00e0 Collonge) se d\u00e9roulera tout le week-end du 8 au 9 juin\u00a0sous la Pr\u00e9sidence de Pierre Assouline, membre de l\u2019Acad\u00e9mie Goncourt, en pr\u00e9sence de Metin Arditi invit\u00e9 d\u2019honneur. Vous pourrez y rencontrer plus [&hellip;]<\/p>\n","protected":false},"author":1,"featured_media":0,"template":"","meta":{"_price":"","_stock":"","_tribe_ticket_header":"","_tribe_default_ticket_provider":"","_tribe_ticket_capacity":"0","_ticket_start_date":"","_ticket_end_date":"","_tribe_ticket_show_description":"","_tribe_ticket_show_not_going":false,"_tribe_ticket_use_global_stock":"","_tribe_ticket_global_stock_level":"","_global_stock_mode":"","_global_stock_cap":"","_tribe_rsvp_for_event":"","_tribe_ticket_going_count":"","_tribe_ticket_not_going_count":"","_tribe_tickets_list":"[]","_tribe_ticket_has_attendee_info_fields":false,"_themeisle_gutenberg_block_has_review":false,"_tribe_events_status":"","_tribe_events_status_reason":"","footnotes":"","_tec_slr_enabled":"","_tec_slr_layout":""},"tags":[],"tribe_events_cat":[],"class_list":["post-3416","tribe_events","type-tribe_events","status-publish","hentry"],"ticketed":false,"_links":{"self":[{"href":"http:\/\/ufegeneve.com\/index.php\/wp-json\/wp\/v2\/tribe_events\/3416","targetHints":{"allow":["GET"]}}],"collection":[{"href":"http:\/\/ufegeneve.com\/index.php\/wp-json\/wp\/v2\/tribe_events"}],"about":[{"href":"http:\/\/ufegeneve.com\/index.php\/wp-json\/wp\/v2\/types\/tribe_events"}],"author":[{"embeddable":true,"href":"http:\/\/ufegeneve.com\/index.php\/wp-json\/wp\/v2\/users\/1"}],"version-history":[{"count":1,"href":"http:\/\/ufegeneve.com\/index.php\/wp-json\/wp\/v2\/tribe_events\/3416\/revisions"}],"predecessor-version":[{"id":3419,"href":"http:\/\/ufegeneve.com\/index.php\/wp-json\/wp\/v2\/tribe_events\/3416\/revisions\/3419"}],"wp:attachment":[{"href":"http:\/\/ufegeneve.com\/index.php\/wp-json\/wp\/v2\/media?parent=3416"}],"wp:term":[{"taxonomy":"post_tag","embeddable":true,"href":"http:\/\/ufegeneve.com\/index.php\/wp-json\/wp\/v2\/tags?post=3416"},{"taxonomy":"tribe_events_cat","embeddable":true,"href":"http:\/\/ufegeneve.com\/index.php\/wp-json\/wp\/v2\/tribe_events_cat?post=3416"}],"curies":[{"name":"wp","href":"https:\/\/api.w.org\/{rel}","templated":true}]}}

3ème édition du FESTIVAL du LÀC (Festival du Livre à Collonge)

<div class="">
<p>Chers membres. chers amis,</p>
<p>Nous avons le plaisir de vous informer que la 3ème édition du FESTIVAL du LÀC (Festival du Livre à Collonge) se déroulera tout le week-end du 8 au 9 juin sous la Présidence de Pierre Assouline, membre de l’Académie Goncourt, en présence de Metin Arditi invité d’honneur.</p>
<p>Vous pourrez y rencontrer plus de 100 auteurs de renom, participer à des conférences, des lectures, des dédicaces, des animations, des dégustations culinaires et y découvrir le nouvel espace Jeunesse où vous pourrez amuser vos enfants grâce aux lectures et ateliers créatifs et ludiques.</p>
<p>Un moment convivial aux portes de Genève….L’équipe vous y attend face au lac et au Jura!<br />
<strong class="">L’entrée au Festival du LÀC est gratuite.</strong></p>
<p>En espérant vous y retrouver nombreux!</p>
<p>Avec toutes nos amitiés</p>
<p>Linda Chevalier<br />
Administratrice de l’UFE Monde<br />
Présidente de l’UFE Genève<br />
Tel mobile +41 79 353 84 36<br />
lindachevalier@bluewin.ch</p>
<p><a href="http://ufegeneve.com/wp-content/uploads/2024/05/664ba69d3d72c.jpg"><img loading="lazy" decoding="async" class="aligncenter size-full wp-image-3418" src="http://ufegeneve.com/wp-content/uploads/2024/05/664ba69d3d72c.jpg" alt="" width="463" height="650" srcset="http://ufegeneve.com/wp-content/uploads/2024/05/664ba69d3d72c.jpg 463w, http://ufegeneve.com/wp-content/uploads/2024/05/664ba69d3d72c-214x300.jpg 214w" sizes="auto, (max-width: 463px) 100vw, 463px" /></a></p>
<p><a href="http://ufegeneve.com/wp-content/uploads/2024/05/664ba6f70aca3.jpg"><img loading="lazy" decoding="async" class="aligncenter size-full wp-image-3417" src="http://ufegeneve.com/wp-content/uploads/2024/05/664ba6f70aca3.jpg" alt="" width="461" height="650" srcset="http://ufegeneve.com/wp-content/uploads/2024/05/664ba6f70aca3.jpg 461w, http://ufegeneve.com/wp-content/uploads/2024/05/664ba6f70aca3-213x300.jpg 213w" sizes="auto, (max-width: 461px) 100vw, 461px" /></a></p>
</div>

<p>Chers membres. chers amis, Nous avons le plaisir de vous informer que la 3ème édition du FESTIVAL du LÀC (Festival du Livre à Collonge) se déroulera tout le week-end du 8 au 9 juin sous la Présidence de Pierre Assouline, membre de l’Académie Goncourt, en présence de Metin Arditi invité d’honneur. Vous pourrez y rencontrer plus [&hellip;]</p>
