{"id":621,"date":"2018-01-02T12:50:22","date_gmt":"2018-01-02T12:50:22","guid":{"rendered":"http:\/\/ufegeneve.com\/?post_type=tribe_events&#038;p=621"},"modified":"2018-01-02T12:54:54","modified_gmt":"2018-01-02T12:54:54","slug":"soiree-des-voeux-2018","status":"publish","type":"tribe_events","link":"http:\/\/ufegeneve.com\/index.php\/event\/soiree-des-voeux-2018\/","title":{"rendered":"Soir\u00e9e des V\u0153ux 2018"},"content":{"rendered":"<p><span style=\"font-family: arial, helvetica, sans-serif;\">Chers membres et amis de l&rsquo;UFE Gen\u00e8ve,<\/span><\/p>\n<p><span style=\"font-family: arial, helvetica, sans-serif;\">A l\u2019aube de cette ann\u00e9e nouvelle, je voudrais vous pr\u00e9senter, au nom de mon comit\u00e9, nos v\u0153ux les plus sinc\u00e8res pour d\u2019heureuses f\u00eates de fin d\u2019ann\u00e9e et 365 jours de bonheur et de paix.<\/span><\/p>\n<p><span style=\"font-family: arial, helvetica, sans-serif;\">Et pour c\u00e9l\u00e9brer 2018 dans une ambiance chaleureuse, festive et musicale, nous avons le plaisir de vous convier \u00e0 notre<\/span><\/p>\n<p>&nbsp;<\/p>\n<p class=\"align-center\" style=\"text-align: center;\"><span style=\"font-family: arial, helvetica, sans-serif;\"><strong>Traditionnelle Soir\u00e9e des V\u0153ux<\/strong><\/span><\/p>\n<p class=\"align-center\" style=\"text-align: center;\"><span style=\"font-family: arial, helvetica, sans-serif;\">qui aura lieu<\/span><\/p>\n<p class=\"align-center\" style=\"text-align: center;\"><span style=\"font-family: arial, helvetica, sans-serif;\"><strong>le mercredi 10 janvier 2018, d\u00e8s 19h30<\/strong><\/span><\/p>\n<p class=\"align-center\" style=\"text-align: center;\"><span style=\"font-family: arial, helvetica, sans-serif;\">au nouveau restaurant\u00a0<strong>Pizza Leggera, un&rsquo; Opera italiana<\/strong><\/span><\/p>\n<p class=\"align-center\" style=\"text-align: center;\"><span style=\"font-family: arial, helvetica, sans-serif;\">Avenue Eug\u00e8ne Lance 64, 1212 Grand-Lancy<\/span><\/p>\n<p class=\"align-center\" style=\"text-align: center;\"><span style=\"font-family: arial, helvetica, sans-serif;\">En pr\u00e9sence de\u00a0<strong>Monsieur Olivier Mauvisseau,<\/strong><\/span><\/p>\n<p class=\"align-center\" style=\"text-align: center;\"><span style=\"font-family: arial, helvetica, sans-serif;\"><strong>Consul G\u00e9n\u00e9ral de France \u00e0 Gen\u00e8ve<\/strong><\/span><\/p>\n<p class=\"align-center\" style=\"text-align: center;\">\n<p><span style=\"font-family: arial, helvetica, sans-serif;\">Nous esp\u00e9rons vous retrouver nombreux lors de cet \u00e9v\u00e9nement et vous adressons, chers membres et amis de l\u2019UFE Gen\u00e8ve, nos amicales salutations.<\/span><\/p>\n<p>&nbsp;<\/p>\n<p style=\"text-align: center;\"><span style=\"font-family: arial, helvetica, sans-serif;\">\u00a0 \u00a0 \u00a0 \u00a0 \u00a0 \u00a0 \u00a0 \u00a0 \u00a0 \u00a0 \u00a0 \u00a0 \u00a0 \u00a0 \u00a0 \u00a0 \u00a0 \u00a0 \u00a0 \u00a0 \u00a0 \u00a0 \u00a0 \u00a0 \u00a0 \u00a0 \u00a0 \u00a0 \u00a0 \u00a0 \u00a0 \u00a0 \u00a0 \u00a0 \u00a0 \u00a0 \u00a0 \u00a0 \u00a0 \u00a0 \u00a0 \u00a0 \u00a0 \u00a0 \u00a0 \u00a0 \u00a0 \u00a0 \u00a0 \u00a0 \u00a0 \u00a0 \u00a0 \u00a0 \u00a0 \u00a0 \u00a0 \u00a0 \u00a0 \u00a0 \u00a0 \u00a0 \u00a0 \u00a0 \u00a0 \u00a0 \u00a0 \u00a0 \u00a0 \u00a0 \u00a0 \u00a0 Linda Chevalier<\/span><\/p>\n<p style=\"text-align: center;\"><span style=\"font-family: arial, helvetica, sans-serif;\">\u00a0 \u00a0 \u00a0 \u00a0 \u00a0 \u00a0 \u00a0 \u00a0 \u00a0 \u00a0 \u00a0 \u00a0 \u00a0 \u00a0 \u00a0 \u00a0 \u00a0 \u00a0 \u00a0 \u00a0 \u00a0 \u00a0 \u00a0 \u00a0 \u00a0 \u00a0 \u00a0 \u00a0 \u00a0 \u00a0 \u00a0 \u00a0 \u00a0 \u00a0 \u00a0 \u00a0 \u00a0 \u00a0 \u00a0 \u00a0 \u00a0 \u00a0 \u00a0 \u00a0 \u00a0 \u00a0 \u00a0 \u00a0 \u00a0 \u00a0 \u00a0 \u00a0 \u00a0 \u00a0 \u00a0 \u00a0 \u00a0 \u00a0 \u00a0 \u00a0 \u00a0 \u00a0 \u00a0 \u00a0 \u00a0 \u00a0 \u00a0 \u00a0 \u00a0 \u00a0 \u00a0 \u00a0 \u00a0 \u00a0 \u00a0 \u00a0 \u00a0 \u00a0 \u00a0 \u00a0 \u00a0 \u00a0 Pr\u00e9sidente de l\u2019UFE Gen\u00e8ve<\/span><\/p>\n<p>&nbsp;<\/p>\n<p align=\"center\"><span style=\"font-family: arial, helvetica, sans-serif;\"><strong>BULLETIN D\u2019INSCRIPTION<\/strong><\/span><\/p>\n<p><span style=\"font-family: arial, helvetica, sans-serif;\">Soir\u00e9e des V\u0153ux 2018,Cocktail Dinatoire, Mercredi 10 janvier 2018 d\u00e8s 19h30 au Restaurant Pizza Leggera, un&rsquo; Opera italiana<\/span><\/p>\n<p><span style=\"font-family: arial, helvetica, sans-serif;\">Pour vous inscrire,<\/span><\/p>\n<p class=\"align-left\"><span style=\"font-family: arial, helvetica, sans-serif;\">1\/\u00a0Merci de compl\u00e9ter en ligne le formulaire d&rsquo;inscription en suivant le lien ci-dessous:<\/span><\/p>\n<p><span style=\"font-family: arial, helvetica, sans-serif;\"><strong>\u2192<\/strong><a href=\"http:\/\/ufegeneve.com\/index.php\/formulaire-dinscription\/\" target=\"_blank\" rel=\"noopener noreferrer\">Formulaire d&rsquo;inscription<\/a><\/span><\/p>\n<p class=\"align-left\"><span style=\"font-family: arial, helvetica, sans-serif;\">2\/ ou bien adresser par fax au\u00a0+41 22 731 08 44\u00a0le bordereau d&rsquo;inscription ci-dessous<\/span><\/p>\n<p><span style=\"font-family: arial, helvetica, sans-serif;\"><strong>Participation\u00a0<\/strong>: Membres\u00a0: \u00a0\u00a0\u00a0\u00a0\u00a0\u00a0\u00a0\u00a0\u00a0\u00a0\u00a0\u00a0\u00a0\u00a0 45.00 CHF<\/span><\/p>\n<p><span style=\"font-family: arial, helvetica, sans-serif;\">Non-membres\u00a0: \u00a0\u00a0\u00a0\u00a0\u00a0\u00a0\u00a0 50.00 CHF<\/span><\/p>\n<p><span style=\"font-family: arial, helvetica, sans-serif;\"><strong>Paiement\u00a0<\/strong>: UNIQUEMENT par CCP \u2013\u00a0<strong>aucun paiement accept\u00e9 sur place<\/strong><\/span><\/p>\n<p><span style=\"font-family: arial, helvetica, sans-serif;\">CCP n\u00b0 12-1 5736-0\u00a0\u00a0 |\u00a0\u00a0 IBAN\u00a0: CH53 0900 0000 1 201 57360<\/span><\/p>\n<p><span style=\"font-family: arial, helvetica, sans-serif;\"><strong>Inscription obligatoire<\/strong>\u00a0\u2013 Coupon r\u00e9ponse \u00e0 retourner avant le 3 janvier 2018.<\/span><\/p>\n<p class=\"align-center\"><span style=\"font-family: arial, helvetica, sans-serif;\">&#8212;&#8212;&#8212;&#8212;&#8212;&#8212;&#8212;&#8212;&#8212;&#8212;&#8212;&#8212;&#8212;&#8212;&#8212;&#8212;&#8212;&#8212;&#8212;&#8212;&#8212;&#8212;&#8212;&#8212;&#8212;&#8212;&#8212;&#8212;&#8212;&#8212;&#8212;&#8212;&#8212;&#8212;&#8211;<strong>\u00a0<\/strong><\/span><\/p>\n<p class=\"align-center\" align=\"center\"><span style=\"font-family: arial, helvetica, sans-serif;\"><strong>COUPON REPONSE<\/strong><\/span><\/p>\n<p class=\"align-center\" align=\"center\"><span style=\"font-family: arial, helvetica, sans-serif;\"><em>A l\u2019Union des Fran\u00e7ais de l\u2019Etranger &#8211; Gen\u00e8ve<\/em><\/span><\/p>\n<p class=\"align-center\"><span style=\"font-family: arial, helvetica, sans-serif;\">M\/Mme ________________________________________________________<\/span><\/p>\n<p class=\"align-center\"><span style=\"font-family: arial, helvetica, sans-serif;\">E-mail\u00a0: __________________________ T\u00e9l\u00e9phone\u00a0: ___________________<\/span><\/p>\n<p class=\"align-center\"><span style=\"font-family: arial, helvetica, sans-serif;\"><strong>Participera \u00e0 la soir\u00e9e des V\u0153ux de l\u2019UFE du mercredi 10 janvier 2018<\/strong><\/span><\/p>\n<p class=\"align-center\"><span style=\"font-family: arial, helvetica, sans-serif;\">J\u2019inscris d\u2019autres personnes\u00a0: _______________________________________<\/span><\/p>\n<p class=\"align-center\"><span style=\"font-family: arial, helvetica, sans-serif;\">Total \u00e0 payer sur le CCP\u00a0de l\u2019UFE: _________________________________<\/span><\/p>\n","protected":false},"excerpt":{"rendered":"<p>Chers membres et amis de l&rsquo;UFE Gen\u00e8ve, A l\u2019aube de cette ann\u00e9e nouvelle, je voudrais vous pr\u00e9senter, au nom de mon comit\u00e9, nos v\u0153ux les plus sinc\u00e8res pour d\u2019heureuses f\u00eates de fin d\u2019ann\u00e9e et 365 jours de bonheur et de paix. Et pour c\u00e9l\u00e9brer 2018 dans une ambiance chaleureuse, festive et musicale, nous avons le [&hellip;]<\/p>\n","protected":false},"author":1,"featured_media":0,"template":"","meta":{"_price":"","_stock":"","_tribe_ticket_header":"","_tribe_default_ticket_provider":"","_tribe_ticket_capacity":"0","_ticket_start_date":"","_ticket_end_date":"","_tribe_ticket_show_description":"","_tribe_ticket_show_not_going":false,"_tribe_ticket_use_global_stock":"","_tribe_ticket_global_stock_level":"","_global_stock_mode":"","_global_stock_cap":"","_tribe_rsvp_for_event":"","_tribe_ticket_going_count":"","_tribe_ticket_not_going_count":"","_tribe_tickets_list":"[]","_tribe_ticket_has_attendee_info_fields":false,"_themeisle_gutenberg_block_has_review":false,"_tribe_events_status":"","_tribe_events_status_reason":"","footnotes":"","_tec_slr_enabled":"","_tec_slr_layout":""},"tags":[],"tribe_events_cat":[],"class_list":["post-621","tribe_events","type-tribe_events","status-publish","hentry"],"ticketed":false,"_links":{"self":[{"href":"http:\/\/ufegeneve.com\/index.php\/wp-json\/wp\/v2\/tribe_events\/621","targetHints":{"allow":["GET"]}}],"collection":[{"href":"http:\/\/ufegeneve.com\/index.php\/wp-json\/wp\/v2\/tribe_events"}],"about":[{"href":"http:\/\/ufegeneve.com\/index.php\/wp-json\/wp\/v2\/types\/tribe_events"}],"author":[{"embeddable":true,"href":"http:\/\/ufegeneve.com\/index.php\/wp-json\/wp\/v2\/users\/1"}],"version-history":[{"count":10,"href":"http:\/\/ufegeneve.com\/index.php\/wp-json\/wp\/v2\/tribe_events\/621\/revisions"}],"predecessor-version":[{"id":625,"href":"http:\/\/ufegeneve.com\/index.php\/wp-json\/wp\/v2\/tribe_events\/621\/revisions\/625"}],"wp:attachment":[{"href":"http:\/\/ufegeneve.com\/index.php\/wp-json\/wp\/v2\/media?parent=621"}],"wp:term":[{"taxonomy":"post_tag","embeddable":true,"href":"http:\/\/ufegeneve.com\/index.php\/wp-json\/wp\/v2\/tags?post=621"},{"taxonomy":"tribe_events_cat","embeddable":true,"href":"http:\/\/ufegeneve.com\/index.php\/wp-json\/wp\/v2\/tribe_events_cat?post=621"}],"curies":[{"name":"wp","href":"https:\/\/api.w.org\/{rel}","templated":true}]}}

Soirée des Vœux 2018

<p><span style="font-family: arial, helvetica, sans-serif;">Chers membres et amis de l&rsquo;UFE Genève,</span></p>
<p><span style="font-family: arial, helvetica, sans-serif;">A l’aube de cette année nouvelle, je voudrais vous présenter, au nom de mon comité, nos vœux les plus sincères pour d’heureuses fêtes de fin d’année et 365 jours de bonheur et de paix.</span></p>
<p><span style="font-family: arial, helvetica, sans-serif;">Et pour célébrer 2018 dans une ambiance chaleureuse, festive et musicale, nous avons le plaisir de vous convier à notre</span></p>
<p>&nbsp;</p>
<p class="align-center" style="text-align: center;"><span style="font-family: arial, helvetica, sans-serif;"><strong>Traditionnelle Soirée des Vœux</strong></span></p>
<p class="align-center" style="text-align: center;"><span style="font-family: arial, helvetica, sans-serif;">qui aura lieu</span></p>
<p class="align-center" style="text-align: center;"><span style="font-family: arial, helvetica, sans-serif;"><strong>le mercredi 10 janvier 2018, dès 19h30</strong></span></p>
<p class="align-center" style="text-align: center;"><span style="font-family: arial, helvetica, sans-serif;">au nouveau restaurant <strong>Pizza Leggera, un&rsquo; Opera italiana</strong></span></p>
<p class="align-center" style="text-align: center;"><span style="font-family: arial, helvetica, sans-serif;">Avenue Eugène Lance 64, 1212 Grand-Lancy</span></p>
<p class="align-center" style="text-align: center;"><span style="font-family: arial, helvetica, sans-serif;">En présence de <strong>Monsieur Olivier Mauvisseau,</strong></span></p>
<p class="align-center" style="text-align: center;"><span style="font-family: arial, helvetica, sans-serif;"><strong>Consul Général de France à Genève</strong></span></p>
<p class="align-center" style="text-align: center;">
<p><span style="font-family: arial, helvetica, sans-serif;">Nous espérons vous retrouver nombreux lors de cet événement et vous adressons, chers membres et amis de l’UFE Genève, nos amicales salutations.</span></p>
<p>&nbsp;</p>
<p style="text-align: center;"><span style="font-family: arial, helvetica, sans-serif;">                                                                                                                                                Linda Chevalier</span></p>
<p style="text-align: center;"><span style="font-family: arial, helvetica, sans-serif;">                                                                                                                                                                    Présidente de l’UFE Genève</span></p>
<p>&nbsp;</p>
<p align="center"><span style="font-family: arial, helvetica, sans-serif;"><strong>BULLETIN D’INSCRIPTION</strong></span></p>
<p><span style="font-family: arial, helvetica, sans-serif;">Soirée des Vœux 2018,Cocktail Dinatoire, Mercredi 10 janvier 2018 dès 19h30 au Restaurant Pizza Leggera, un&rsquo; Opera italiana</span></p>
<p><span style="font-family: arial, helvetica, sans-serif;">Pour vous inscrire,</span></p>
<p class="align-left"><span style="font-family: arial, helvetica, sans-serif;">1/ Merci de compléter en ligne le formulaire d&rsquo;inscription en suivant le lien ci-dessous:</span></p>
<p><span style="font-family: arial, helvetica, sans-serif;"><strong>→</strong><a href="http://ufegeneve.com/index.php/formulaire-dinscription/" target="_blank" rel="noopener noreferrer">Formulaire d&rsquo;inscription</a></span></p>
<p class="align-left"><span style="font-family: arial, helvetica, sans-serif;">2/ ou bien adresser par fax au +41 22 731 08 44 le bordereau d&rsquo;inscription ci-dessous</span></p>
<p><span style="font-family: arial, helvetica, sans-serif;"><strong>Participation </strong>: Membres :                45.00 CHF</span></p>
<p><span style="font-family: arial, helvetica, sans-serif;">Non-membres :         50.00 CHF</span></p>
<p><span style="font-family: arial, helvetica, sans-serif;"><strong>Paiement </strong>: UNIQUEMENT par CCP – <strong>aucun paiement accepté sur place</strong></span></p>
<p><span style="font-family: arial, helvetica, sans-serif;">CCP n° 12-1 5736-0   |   IBAN : CH53 0900 0000 1 201 57360</span></p>
<p><span style="font-family: arial, helvetica, sans-serif;"><strong>Inscription obligatoire</strong> – Coupon réponse à retourner avant le 3 janvier 2018.</span></p>
<p class="align-center"><span style="font-family: arial, helvetica, sans-serif;">&#8212;&#8212;&#8212;&#8212;&#8212;&#8212;&#8212;&#8212;&#8212;&#8212;&#8212;&#8212;&#8212;&#8212;&#8212;&#8212;&#8212;&#8212;&#8212;&#8212;&#8212;&#8212;&#8212;&#8212;&#8212;&#8212;&#8212;&#8212;&#8212;&#8212;&#8212;&#8212;&#8212;&#8212;&#8211;<strong> </strong></span></p>
<p class="align-center" align="center"><span style="font-family: arial, helvetica, sans-serif;"><strong>COUPON REPONSE</strong></span></p>
<p class="align-center" align="center"><span style="font-family: arial, helvetica, sans-serif;"><em>A l’Union des Français de l’Etranger &#8211; Genève</em></span></p>
<p class="align-center"><span style="font-family: arial, helvetica, sans-serif;">M/Mme ________________________________________________________</span></p>
<p class="align-center"><span style="font-family: arial, helvetica, sans-serif;">E-mail : __________________________ Téléphone : ___________________</span></p>
<p class="align-center"><span style="font-family: arial, helvetica, sans-serif;"><strong>Participera à la soirée des Vœux de l’UFE du mercredi 10 janvier 2018</strong></span></p>
<p class="align-center"><span style="font-family: arial, helvetica, sans-serif;">J’inscris d’autres personnes : _______________________________________</span></p>
<p class="align-center"><span style="font-family: arial, helvetica, sans-serif;">Total à payer sur le CCP de l’UFE: _________________________________</span></p>

<p>Chers membres et amis de l&rsquo;UFE Genève, A l’aube de cette année nouvelle, je voudrais vous présenter, au nom de mon comité, nos vœux les plus sincères pour d’heureuses fêtes de fin d’année et 365 jours de bonheur et de paix. Et pour célébrer 2018 dans une ambiance chaleureuse, festive et musicale, nous avons le [&hellip;]</p>
