{"id":689,"date":"2018-03-12T11:28:12","date_gmt":"2018-03-12T11:28:12","guid":{"rendered":"http:\/\/ufegeneve.com\/?post_type=tribe_events&#038;p=689"},"modified":"2018-03-17T15:49:22","modified_gmt":"2018-03-17T15:49:22","slug":"diner-conference-du-dr-olivier-dourthe-le-21-mars-2018","status":"publish","type":"tribe_events","link":"http:\/\/ufegeneve.com\/index.php\/event\/diner-conference-du-dr-olivier-dourthe-le-21-mars-2018\/","title":{"rendered":"Assembl\u00e9e G\u00e9n\u00e9rale Ordinaire, le 21 mars 2018"},"content":{"rendered":"<p><span style=\"color: #000000;\"><strong><span style=\"font-family: arial, helvetica, sans-serif;\">D\u00e9roulement de la soir\u00e9e :<\/span><\/strong><\/span><\/p>\n<p><span style=\"font-family: arial, helvetica, sans-serif; color: #000000;\">18h30: Assembl\u00e9e g\u00e9n\u00e9rale selon l&rsquo;ordre du jour adress\u00e9 par courrier<\/span><\/p>\n<p><span style=\"font-family: arial, helvetica, sans-serif; color: #000000;\">19h15 Conf\u00e9rence par le Dr. Olivier DOURTHE, fondateur de WellMed for Life sur le th\u00e8me\u00a0 \u00a0 \u00a0\u00ab\u00a0 la nouvelle m\u00e9decine anti-\u00e2ge et revitalisante \u00bb.<\/span><\/p>\n<p><span style=\"font-family: arial, helvetica, sans-serif; color: #000000;\">19h45 Questions<\/span><\/p>\n<p><span style=\"font-family: arial, helvetica, sans-serif; color: #000000;\">20h00 Ap\u00e9ritif<\/span><\/p>\n<p><span style=\"font-family: arial, helvetica, sans-serif; color: #000000;\">20h30 D\u00eener<\/span><\/p>\n<p><span style=\"color: #000000;\"><strong><span style=\"font-family: arial, helvetica, sans-serif;\">Pour vous inscrire,<\/span><\/strong><\/span><\/p>\n<p class=\"x_align-left\"><span style=\"font-family: arial, helvetica, sans-serif;\"><span style=\"color: #000000;\">1\/ Merci de compl\u00e9ter en ligne le formulaire d&rsquo;inscription en suivant le lien ci-dessous:<\/span><\/span><\/p>\n<p><span style=\"color: #ff0000; font-family: arial, helvetica, sans-serif;\"><strong>\u2192<\/strong><a href=\"http:\/\/ufegeneve.com\/index.php\/inscription-a-lassemblee-generale-ordinaire\/\" target=\"_blank\" rel=\"noopener noreferrer\">Formulaire d&rsquo;inscription<\/a><\/span><\/p>\n<p><span style=\"font-family: arial, helvetica, sans-serif; color: #000000;\">2\/ Merci de suivre les instructions de r\u00e9glement ci-dessous:\u00a0<\/span><\/p>\n<p><span style=\"font-family: arial, helvetica, sans-serif; color: #000000;\">Paiement<strong>\u00a0<\/strong>CCP n\u00b0 12-1 5736-0<\/span><\/p>\n<p><span style=\"font-family: arial, helvetica, sans-serif; color: #000000;\">IBAN\u00a0: CH53 0900 0000 1 201 57360<\/span><\/p>\n<p><span style=\"font-family: arial, helvetica, sans-serif; color: #000000;\">BIC:POFICHBEXXX<\/span><\/p>\n<p><span style=\"font-family: arial, helvetica, sans-serif; color: #000000;\">Postfinance SA &#8211; Mingerstrasse 20 &#8211;\u00a0 \u00a0 \u00a0 CH 3030 BERNE<\/span><\/p>\n<p style=\"text-align: center;\"><span style=\"color: #000000; font-family: arial, helvetica, sans-serif;\">Tout d\u00e9sistement au repas non annonc\u00e9 48 H \u00e0 l&rsquo;avance sera d\u00fb<\/span><\/p>\n","protected":false},"excerpt":{"rendered":"<p>D\u00e9roulement de la soir\u00e9e : 18h30: Assembl\u00e9e g\u00e9n\u00e9rale selon l&rsquo;ordre du jour adress\u00e9 par courrier 19h15 Conf\u00e9rence par le Dr. Olivier DOURTHE, fondateur de WellMed for Life sur le th\u00e8me\u00a0 \u00a0 \u00a0\u00ab\u00a0 la nouvelle m\u00e9decine anti-\u00e2ge et revitalisante \u00bb. 19h45 Questions 20h00 Ap\u00e9ritif 20h30 D\u00eener Pour vous inscrire, 1\/ Merci de compl\u00e9ter en ligne le [&hellip;]<\/p>\n","protected":false},"author":1,"featured_media":0,"template":"","meta":{"_price":"","_stock":"","_tribe_ticket_header":"","_tribe_default_ticket_provider":"","_tribe_ticket_capacity":"0","_ticket_start_date":"","_ticket_end_date":"","_tribe_ticket_show_description":"","_tribe_ticket_show_not_going":false,"_tribe_ticket_use_global_stock":"","_tribe_ticket_global_stock_level":"","_global_stock_mode":"","_global_stock_cap":"","_tribe_rsvp_for_event":"","_tribe_ticket_going_count":"","_tribe_ticket_not_going_count":"","_tribe_tickets_list":"[]","_tribe_ticket_has_attendee_info_fields":false,"_themeisle_gutenberg_block_has_review":false,"_tribe_events_status":"","_tribe_events_status_reason":"","footnotes":"","_tec_slr_enabled":"","_tec_slr_layout":""},"tags":[],"tribe_events_cat":[],"class_list":["post-689","tribe_events","type-tribe_events","status-publish","hentry"],"ticketed":false,"_links":{"self":[{"href":"http:\/\/ufegeneve.com\/index.php\/wp-json\/wp\/v2\/tribe_events\/689","targetHints":{"allow":["GET"]}}],"collection":[{"href":"http:\/\/ufegeneve.com\/index.php\/wp-json\/wp\/v2\/tribe_events"}],"about":[{"href":"http:\/\/ufegeneve.com\/index.php\/wp-json\/wp\/v2\/types\/tribe_events"}],"author":[{"embeddable":true,"href":"http:\/\/ufegeneve.com\/index.php\/wp-json\/wp\/v2\/users\/1"}],"version-history":[{"count":14,"href":"http:\/\/ufegeneve.com\/index.php\/wp-json\/wp\/v2\/tribe_events\/689\/revisions"}],"predecessor-version":[{"id":709,"href":"http:\/\/ufegeneve.com\/index.php\/wp-json\/wp\/v2\/tribe_events\/689\/revisions\/709"}],"wp:attachment":[{"href":"http:\/\/ufegeneve.com\/index.php\/wp-json\/wp\/v2\/media?parent=689"}],"wp:term":[{"taxonomy":"post_tag","embeddable":true,"href":"http:\/\/ufegeneve.com\/index.php\/wp-json\/wp\/v2\/tags?post=689"},{"taxonomy":"tribe_events_cat","embeddable":true,"href":"http:\/\/ufegeneve.com\/index.php\/wp-json\/wp\/v2\/tribe_events_cat?post=689"}],"curies":[{"name":"wp","href":"https:\/\/api.w.org\/{rel}","templated":true}]}}

Assemblée Générale Ordinaire, le 21 mars 2018

<p><span style="color: #000000;"><strong><span style="font-family: arial, helvetica, sans-serif;">Déroulement de la soirée :</span></strong></span></p>
<p><span style="font-family: arial, helvetica, sans-serif; color: #000000;">18h30: Assemblée générale selon l&rsquo;ordre du jour adressé par courrier</span></p>
<p><span style="font-family: arial, helvetica, sans-serif; color: #000000;">19h15 Conférence par le Dr. Olivier DOURTHE, fondateur de WellMed for Life sur le thème     «  la nouvelle médecine anti-âge et revitalisante ».</span></p>
<p><span style="font-family: arial, helvetica, sans-serif; color: #000000;">19h45 Questions</span></p>
<p><span style="font-family: arial, helvetica, sans-serif; color: #000000;">20h00 Apéritif</span></p>
<p><span style="font-family: arial, helvetica, sans-serif; color: #000000;">20h30 Dîner</span></p>
<p><span style="color: #000000;"><strong><span style="font-family: arial, helvetica, sans-serif;">Pour vous inscrire,</span></strong></span></p>
<p class="x_align-left"><span style="font-family: arial, helvetica, sans-serif;"><span style="color: #000000;">1/ Merci de compléter en ligne le formulaire d&rsquo;inscription en suivant le lien ci-dessous:</span></span></p>
<p><span style="color: #ff0000; font-family: arial, helvetica, sans-serif;"><strong>→</strong><a href="http://ufegeneve.com/index.php/inscription-a-lassemblee-generale-ordinaire/" target="_blank" rel="noopener noreferrer">Formulaire d&rsquo;inscription</a></span></p>
<p><span style="font-family: arial, helvetica, sans-serif; color: #000000;">2/ Merci de suivre les instructions de réglement ci-dessous: </span></p>
<p><span style="font-family: arial, helvetica, sans-serif; color: #000000;">Paiement<strong> </strong>CCP n° 12-1 5736-0</span></p>
<p><span style="font-family: arial, helvetica, sans-serif; color: #000000;">IBAN : CH53 0900 0000 1 201 57360</span></p>
<p><span style="font-family: arial, helvetica, sans-serif; color: #000000;">BIC:POFICHBEXXX</span></p>
<p><span style="font-family: arial, helvetica, sans-serif; color: #000000;">Postfinance SA &#8211; Mingerstrasse 20 &#8211;      CH 3030 BERNE</span></p>
<p style="text-align: center;"><span style="color: #000000; font-family: arial, helvetica, sans-serif;">Tout désistement au repas non annoncé 48 H à l&rsquo;avance sera dû</span></p>

<p>Déroulement de la soirée : 18h30: Assemblée générale selon l&rsquo;ordre du jour adressé par courrier 19h15 Conférence par le Dr. Olivier DOURTHE, fondateur de WellMed for Life sur le thème     «  la nouvelle médecine anti-âge et revitalisante ». 19h45 Questions 20h00 Apéritif 20h30 Dîner Pour vous inscrire, 1/ Merci de compléter en ligne le [&hellip;]</p>
