{"id":794,"date":"2018-04-24T08:01:23","date_gmt":"2018-04-24T08:01:23","guid":{"rendered":"http:\/\/ufegeneve.com\/?post_type=tribe_events&#038;p=794"},"modified":"2018-04-24T08:08:08","modified_gmt":"2018-04-24T08:08:08","slug":"diner-debat-avec-philippe-de-villiers","status":"publish","type":"tribe_events","link":"http:\/\/ufegeneve.com\/index.php\/event\/diner-debat-avec-philippe-de-villiers\/","title":{"rendered":"D\u00eener-d\u00e9bat avec   Philippe de Villiers organis\u00e9 par Convergences"},"content":{"rendered":"<p><img loading=\"lazy\" decoding=\"async\" class=\"size-full wp-image-792 aligncenter\" src=\"http:\/\/ufegeneve.com\/wp-content\/uploads\/2018\/04\/pv1.jpg\" alt=\"\" width=\"601\" height=\"663\" srcset=\"http:\/\/ufegeneve.com\/wp-content\/uploads\/2018\/04\/pv1.jpg 601w, http:\/\/ufegeneve.com\/wp-content\/uploads\/2018\/04\/pv1-272x300.jpg 272w, http:\/\/ufegeneve.com\/wp-content\/uploads\/2018\/04\/pv1-600x662.jpg 600w\" sizes=\"auto, (max-width: 601px) 100vw, 601px\" \/><\/p>\n<p><img loading=\"lazy\" decoding=\"async\" class=\"size-full wp-image-793 aligncenter\" src=\"http:\/\/ufegeneve.com\/wp-content\/uploads\/2018\/04\/pv2.jpg\" alt=\"\" width=\"601\" height=\"908\" srcset=\"http:\/\/ufegeneve.com\/wp-content\/uploads\/2018\/04\/pv2.jpg 601w, http:\/\/ufegeneve.com\/wp-content\/uploads\/2018\/04\/pv2-199x300.jpg 199w, http:\/\/ufegeneve.com\/wp-content\/uploads\/2018\/04\/pv2-600x906.jpg 600w\" sizes=\"auto, (max-width: 601px) 100vw, 601px\" \/><\/p>\n","protected":false},"excerpt":{"rendered":"","protected":false},"author":1,"featured_media":0,"template":"","meta":{"_price":"","_stock":"","_tribe_ticket_header":"","_tribe_default_ticket_provider":"","_tribe_ticket_capacity":"0","_ticket_start_date":"","_ticket_end_date":"","_tribe_ticket_show_description":"","_tribe_ticket_show_not_going":false,"_tribe_ticket_use_global_stock":"","_tribe_ticket_global_stock_level":"","_global_stock_mode":"","_global_stock_cap":"","_tribe_rsvp_for_event":"","_tribe_ticket_going_count":"","_tribe_ticket_not_going_count":"","_tribe_tickets_list":"[]","_tribe_ticket_has_attendee_info_fields":false,"_themeisle_gutenberg_block_has_review":false,"_tribe_events_status":"","_tribe_events_status_reason":"","footnotes":"","_tec_slr_enabled":"","_tec_slr_layout":""},"tags":[],"tribe_events_cat":[],"class_list":["post-794","tribe_events","type-tribe_events","status-publish","hentry"],"ticketed":false,"_links":{"self":[{"href":"http:\/\/ufegeneve.com\/index.php\/wp-json\/wp\/v2\/tribe_events\/794","targetHints":{"allow":["GET"]}}],"collection":[{"href":"http:\/\/ufegeneve.com\/index.php\/wp-json\/wp\/v2\/tribe_events"}],"about":[{"href":"http:\/\/ufegeneve.com\/index.php\/wp-json\/wp\/v2\/types\/tribe_events"}],"author":[{"embeddable":true,"href":"http:\/\/ufegeneve.com\/index.php\/wp-json\/wp\/v2\/users\/1"}],"version-history":[{"count":2,"href":"http:\/\/ufegeneve.com\/index.php\/wp-json\/wp\/v2\/tribe_events\/794\/revisions"}],"predecessor-version":[{"id":800,"href":"http:\/\/ufegeneve.com\/index.php\/wp-json\/wp\/v2\/tribe_events\/794\/revisions\/800"}],"wp:attachment":[{"href":"http:\/\/ufegeneve.com\/index.php\/wp-json\/wp\/v2\/media?parent=794"}],"wp:term":[{"taxonomy":"post_tag","embeddable":true,"href":"http:\/\/ufegeneve.com\/index.php\/wp-json\/wp\/v2\/tags?post=794"},{"taxonomy":"tribe_events_cat","embeddable":true,"href":"http:\/\/ufegeneve.com\/index.php\/wp-json\/wp\/v2\/tribe_events_cat?post=794"}],"curies":[{"name":"wp","href":"https:\/\/api.w.org\/{rel}","templated":true}]}}

Dîner-débat avec   Philippe de Villiers organisé par Convergences
