{"id":805,"date":"2018-05-20T14:30:28","date_gmt":"2018-05-20T14:30:28","guid":{"rendered":"http:\/\/ufegeneve.com\/?post_type=tribe_events&#038;p=805"},"modified":"2018-05-29T19:51:28","modified_gmt":"2018-05-29T19:51:28","slug":"cocktail-en-lhonneur-de-madame-jacky-deromedi","status":"publish","type":"tribe_events","link":"http:\/\/ufegeneve.com\/index.php\/event\/cocktail-en-lhonneur-de-madame-jacky-deromedi\/","title":{"rendered":"Cocktail en l\u2019honneur de Madame Jacky Deromedi"},"content":{"rendered":"<p><span style=\"font-family: arial, helvetica, sans-serif;\">Cher amis,<\/span><\/p>\n<p><span style=\"font-family: arial, helvetica, sans-serif;\">L&rsquo;Union des Fran\u00e7ais de l\u2019Etranger Gen\u00e8ve a le plaisir de vous convier\u00a0 \u00e0 un ap\u00e9ritif d\u00eenatoire en l&rsquo;honneur de Madame Jacky Deromedi,\u00a0S\u00e9nateur repr\u00e9sentant les Fran\u00e7ais \u00e9tablis hors de France:<\/span><\/p>\n<p style=\"text-align: center;\"><span style=\"color: #ff0000; font-family: arial, helvetica, sans-serif;\"><strong>Le mardi 5 juin \u00a02018<\/strong><\/span><\/p>\n<p style=\"text-align: center;\"><span style=\"color: #ff0000; font-family: arial, helvetica, sans-serif;\"><strong>A 19H00<\/strong><\/span><\/p>\n<p style=\"text-align: center;\"><span style=\"color: #ff0000; font-family: arial, helvetica, sans-serif;\"><strong>Sur la terrasse du restaurant du Parc des Eaux-Vives<\/strong><\/span><\/p>\n<p style=\"text-align: center;\"><span style=\"color: #ff0000; font-family: arial, helvetica, sans-serif;\"><strong>82 Quai Gustave Ador, 1207 Gen\u00e8ve<\/strong><\/span><\/p>\n<p><span style=\"font-family: arial, helvetica, sans-serif;\">N\u2019h\u00e9sitez pas \u00e0 venir avec vos amis afin d\u2019\u00e9largir notre cercle des convives.<\/span><\/p>\n<p><span style=\"font-family: arial, helvetica, sans-serif;\">Merci de vous annoncer afin de nous permettre de pr\u00e9voir le nombre de convives \u00e0 l\u2019adresse suivante: contact@ufegeneve.com<\/span><\/p>\n<p><span style=\"font-family: arial, helvetica, sans-serif;\">En esp\u00e9rant vous voir tr\u00e8s nombreux \u00e0 cette occasion,<\/span><\/p>\n<p><span style=\"font-family: arial, helvetica, sans-serif;\">Cordialement,<\/span><\/p>\n<p><span style=\"font-family: arial, helvetica, sans-serif;\">L\u2019\u00e9quipe UFE Gen\u00e8ve<\/span><\/p>\n<p style=\"text-align: center;\"><span style=\"font-family: arial, helvetica, sans-serif;\"><strong>INSCRIPTION<\/strong><\/span><\/p>\n<p><span style=\"font-family: arial, helvetica, sans-serif;\">Merci de compl\u00e9ter le formulaire d&rsquo;inscription ci-dessous et de l\u2019adresser :<\/span><\/p>\n<p><span style=\"font-family: arial, helvetica, sans-serif;\"> <strong> * par email : contact@ufegeneve.com<\/strong><\/span><br \/>\n<span style=\"font-family: arial, helvetica, sans-serif;\"> * par fax: +41 22 731 08 44<\/span><\/p>\n<p><span style=\"font-family: arial, helvetica, sans-serif;\">Participation au Cocktail : CHF 50.00\u00a0<\/span><br \/>\n<span style=\"font-family: arial, helvetica, sans-serif;\"> Participation au d\u00eener qui suivra le cocktail: CHF 90.00<\/span><\/p>\n<p><span style=\"font-family: arial, helvetica, sans-serif;\">Paiement : UNIQUEMENT par CCP \u2013 <strong>aucun paiement accept\u00e9 sur place<\/strong><\/span><br \/>\n<span style=\"font-family: arial, helvetica, sans-serif;\"> CCP n\u00b0 12-1 5736-0 | IBAN : CH53 0900 0000 1 201 57360<\/span><\/p>\n<p><span style=\"font-family: arial, helvetica, sans-serif;\">Inscription obligatoire \u2013 Coupon r\u00e9ponse \u00e0 retourner avant le 1er juin 2018.<\/span><\/p>\n<p><span style=\"font-family: arial, helvetica, sans-serif;\">&#8212;&#8212;&#8212;&#8212;&#8212;&#8212;&#8212;&#8212;&#8212;&#8212;&#8212;&#8212;&#8212;&#8212;&#8212;&#8212;&#8212;&#8212;&#8212;&#8212;&#8212;&#8212;&#8212;&#8212;&#8212;&#8212;&#8212;&#8212;&#8212;&#8212;&#8212;&#8212;&#8212;&#8212;&#8211;<\/span><\/p>\n<p><span style=\"font-family: arial, helvetica, sans-serif;\">COUPON REPONSE<\/span><\/p>\n<p><span style=\"font-family: arial, helvetica, sans-serif;\">A l\u2019Union des Fran\u00e7ais de l\u2019Etranger \u2013 6, rue Amat \u2013 1202 Gen\u00e8ve<\/span><\/p>\n<p><span style=\"font-family: arial, helvetica, sans-serif;\">M\/Mme _______________________________________________________________<\/span><br \/>\n<span style=\"font-family: arial, helvetica, sans-serif;\"> E-mail : __________________________ T\u00e9l\u00e9phone : ____________________________<\/span><br \/>\n<span style=\"font-family: arial, helvetica, sans-serif;\"> <strong> Participera au cocktail \/ au d\u00eener en l\u2019honneur de Madame Jacky DEROMEDI, S\u00e9nateur, le mardi 5 juin 2018<\/strong><\/span><\/p>\n<p><span style=\"font-family: arial, helvetica, sans-serif;\">J\u2019inscris d\u2019autres personnes : ________________________________________________<\/span><br \/>\n<span style=\"font-family: arial, helvetica, sans-serif;\"> Pour le cocktail : &#8212;&#8212;&#8212;&#8212;&#8212;&#8212;&#8212;&#8212;&#8212;&#8212;&#8212;&#8212;&#8212;- pour le d\u00eener : &#8212;&#8212;&#8212;&#8212;&#8212;&#8212;&#8212;&#8212;&#8212;&#8212;&#8212;&#8212;&#8211;<\/span><br \/>\n<span style=\"font-family: arial, helvetica, sans-serif;\"> Total \u00e0 payer sur le CCP de l\u2019UFE: __________________________________<\/span><\/p>\n<p><span style=\"font-family: arial, helvetica, sans-serif;\"><strong> &gt; Tout d\u00e9sistement apr\u00e8s le 1er juin 2018 sera d\u00fb.<\/strong><\/span><\/p>\n","protected":false},"excerpt":{"rendered":"<p>Cher amis, L&rsquo;Union des Fran\u00e7ais de l\u2019Etranger Gen\u00e8ve a le plaisir de vous convier\u00a0 \u00e0 un ap\u00e9ritif d\u00eenatoire en l&rsquo;honneur de Madame Jacky Deromedi,\u00a0S\u00e9nateur repr\u00e9sentant les Fran\u00e7ais \u00e9tablis hors de France: Le mardi 5 juin \u00a02018 A 19H00 Sur la terrasse du restaurant du Parc des Eaux-Vives 82 Quai Gustave Ador, 1207 Gen\u00e8ve N\u2019h\u00e9sitez pas [&hellip;]<\/p>\n","protected":false},"author":1,"featured_media":0,"template":"","meta":{"_price":"","_stock":"","_tribe_ticket_header":"","_tribe_default_ticket_provider":"","_tribe_ticket_capacity":"0","_ticket_start_date":"","_ticket_end_date":"","_tribe_ticket_show_description":"","_tribe_ticket_show_not_going":false,"_tribe_ticket_use_global_stock":"","_tribe_ticket_global_stock_level":"","_global_stock_mode":"","_global_stock_cap":"","_tribe_rsvp_for_event":"","_tribe_ticket_going_count":"","_tribe_ticket_not_going_count":"","_tribe_tickets_list":"[]","_tribe_ticket_has_attendee_info_fields":false,"_themeisle_gutenberg_block_has_review":false,"_tribe_events_status":"","_tribe_events_status_reason":"","footnotes":"","_tec_slr_enabled":"","_tec_slr_layout":""},"tags":[],"tribe_events_cat":[],"class_list":["post-805","tribe_events","type-tribe_events","status-publish","hentry"],"ticketed":false,"_links":{"self":[{"href":"http:\/\/ufegeneve.com\/index.php\/wp-json\/wp\/v2\/tribe_events\/805","targetHints":{"allow":["GET"]}}],"collection":[{"href":"http:\/\/ufegeneve.com\/index.php\/wp-json\/wp\/v2\/tribe_events"}],"about":[{"href":"http:\/\/ufegeneve.com\/index.php\/wp-json\/wp\/v2\/types\/tribe_events"}],"author":[{"embeddable":true,"href":"http:\/\/ufegeneve.com\/index.php\/wp-json\/wp\/v2\/users\/1"}],"version-history":[{"count":12,"href":"http:\/\/ufegeneve.com\/index.php\/wp-json\/wp\/v2\/tribe_events\/805\/revisions"}],"predecessor-version":[{"id":844,"href":"http:\/\/ufegeneve.com\/index.php\/wp-json\/wp\/v2\/tribe_events\/805\/revisions\/844"}],"wp:attachment":[{"href":"http:\/\/ufegeneve.com\/index.php\/wp-json\/wp\/v2\/media?parent=805"}],"wp:term":[{"taxonomy":"post_tag","embeddable":true,"href":"http:\/\/ufegeneve.com\/index.php\/wp-json\/wp\/v2\/tags?post=805"},{"taxonomy":"tribe_events_cat","embeddable":true,"href":"http:\/\/ufegeneve.com\/index.php\/wp-json\/wp\/v2\/tribe_events_cat?post=805"}],"curies":[{"name":"wp","href":"https:\/\/api.w.org\/{rel}","templated":true}]}}

<p><span style="font-family: arial, helvetica, sans-serif;">Cher amis,</span></p>
<p><span style="font-family: arial, helvetica, sans-serif;">L&rsquo;Union des Français de l’Etranger Genève a le plaisir de vous convier  à un apéritif dînatoire en l&rsquo;honneur de Madame Jacky Deromedi, Sénateur représentant les Français établis hors de France:</span></p>
<p style="text-align: center;"><span style="color: #ff0000; font-family: arial, helvetica, sans-serif;"><strong>Le mardi 5 juin  2018</strong></span></p>
<p style="text-align: center;"><span style="color: #ff0000; font-family: arial, helvetica, sans-serif;"><strong>A 19H00</strong></span></p>
<p style="text-align: center;"><span style="color: #ff0000; font-family: arial, helvetica, sans-serif;"><strong>Sur la terrasse du restaurant du Parc des Eaux-Vives</strong></span></p>
<p style="text-align: center;"><span style="color: #ff0000; font-family: arial, helvetica, sans-serif;"><strong>82 Quai Gustave Ador, 1207 Genève</strong></span></p>
<p><span style="font-family: arial, helvetica, sans-serif;">N’hésitez pas à venir avec vos amis afin d’élargir notre cercle des convives.</span></p>
<p><span style="font-family: arial, helvetica, sans-serif;">Merci de vous annoncer afin de nous permettre de prévoir le nombre de convives à l’adresse suivante: contact@ufegeneve.com</span></p>
<p><span style="font-family: arial, helvetica, sans-serif;">En espérant vous voir très nombreux à cette occasion,</span></p>
<p><span style="font-family: arial, helvetica, sans-serif;">Cordialement,</span></p>
<p><span style="font-family: arial, helvetica, sans-serif;">L’équipe UFE Genève</span></p>
<p style="text-align: center;"><span style="font-family: arial, helvetica, sans-serif;"><strong>INSCRIPTION</strong></span></p>
<p><span style="font-family: arial, helvetica, sans-serif;">Merci de compléter le formulaire d&rsquo;inscription ci-dessous et de l’adresser :</span></p>
<p><span style="font-family: arial, helvetica, sans-serif;"> <strong> * par email : contact@ufegeneve.com</strong></span><br />
<span style="font-family: arial, helvetica, sans-serif;"> * par fax: +41 22 731 08 44</span></p>
<p><span style="font-family: arial, helvetica, sans-serif;">Participation au Cocktail : CHF 50.00 </span><br />
<span style="font-family: arial, helvetica, sans-serif;"> Participation au dîner qui suivra le cocktail: CHF 90.00</span></p>
<p><span style="font-family: arial, helvetica, sans-serif;">Paiement : UNIQUEMENT par CCP – <strong>aucun paiement accepté sur place</strong></span><br />
<span style="font-family: arial, helvetica, sans-serif;"> CCP n° 12-1 5736-0 | IBAN : CH53 0900 0000 1 201 57360</span></p>
<p><span style="font-family: arial, helvetica, sans-serif;">Inscription obligatoire – Coupon réponse à retourner avant le 1er juin 2018.</span></p>
<p><span style="font-family: arial, helvetica, sans-serif;">&#8212;&#8212;&#8212;&#8212;&#8212;&#8212;&#8212;&#8212;&#8212;&#8212;&#8212;&#8212;&#8212;&#8212;&#8212;&#8212;&#8212;&#8212;&#8212;&#8212;&#8212;&#8212;&#8212;&#8212;&#8212;&#8212;&#8212;&#8212;&#8212;&#8212;&#8212;&#8212;&#8212;&#8212;&#8211;</span></p>
<p><span style="font-family: arial, helvetica, sans-serif;">COUPON REPONSE</span></p>
<p><span style="font-family: arial, helvetica, sans-serif;">A l’Union des Français de l’Etranger – 6, rue Amat – 1202 Genève</span></p>
<p><span style="font-family: arial, helvetica, sans-serif;">M/Mme _______________________________________________________________</span><br />
<span style="font-family: arial, helvetica, sans-serif;"> E-mail : __________________________ Téléphone : ____________________________</span><br />
<span style="font-family: arial, helvetica, sans-serif;"> <strong> Participera au cocktail / au dîner en l’honneur de Madame Jacky DEROMEDI, Sénateur, le mardi 5 juin 2018</strong></span></p>
<p><span style="font-family: arial, helvetica, sans-serif;">J’inscris d’autres personnes : ________________________________________________</span><br />
<span style="font-family: arial, helvetica, sans-serif;"> Pour le cocktail : &#8212;&#8212;&#8212;&#8212;&#8212;&#8212;&#8212;&#8212;&#8212;&#8212;&#8212;&#8212;&#8212;- pour le dîner : &#8212;&#8212;&#8212;&#8212;&#8212;&#8212;&#8212;&#8212;&#8212;&#8212;&#8212;&#8212;&#8211;</span><br />
<span style="font-family: arial, helvetica, sans-serif;"> Total à payer sur le CCP de l’UFE: __________________________________</span></p>
<p><span style="font-family: arial, helvetica, sans-serif;"><strong> &gt; Tout désistement après le 1er juin 2018 sera dû.</strong></span></p>

<p>Cher amis, L&rsquo;Union des Français de l’Etranger Genève a le plaisir de vous convier  à un apéritif dînatoire en l&rsquo;honneur de Madame Jacky Deromedi, Sénateur représentant les Français établis hors de France: Le mardi 5 juin  2018 A 19H00 Sur la terrasse du restaurant du Parc des Eaux-Vives 82 Quai Gustave Ador, 1207 Genève N’hésitez pas [&hellip;]</p>
